{"id":161,"date":"2015-02-13T16:13:45","date_gmt":"2015-02-13T14:13:45","guid":{"rendered":"http:\/\/blau45.de\/test1\/?page_id=161"},"modified":"2018-12-08T16:17:26","modified_gmt":"2018-12-08T14:17:26","slug":"ihre-mitarbeit","status":"publish","type":"page","link":"https:\/\/www.autismus-niedersachsen.de\/?page_id=161","title":{"rendered":"Kontakt + Ihre Mitarbeit"},"content":{"rendered":"<p>Bei Fragen senden Sie uns eine E-Mail an:\u00a0 LAG@Autismus-Niedersachsen.de<\/p>\n<p>Haben Sie, Ihre Selbsthilfegruppe oder Verein ein spezielles Angebot f\u00fcr unser Netzwerk?<\/p>\n<p>M\u00f6chten Sie in einem regionalen interdisziplin\u00e4ren Netzwerkknoten mitarbeiten?<br \/>\nWenn ja in welcher Region oder Stadt?<\/p>\n<p>M\u00f6chten Sie gern in einem landesweiten disziplin\u00e4ren Netzwerkknoten mitarbeiten?<br \/>\nVielleicht in folgenden Themenbereichen:<\/p>\n<p>&#8211; Entwicklung der Konzeption<br \/>\n&#8211; Klinische Diagnostik<br \/>\n&#8211; Fr\u00fchf\u00f6rderung<br \/>\n&#8211; therapeutische Versorgung<br \/>\n&#8211; Kinder- und Jugendhilfe<br \/>\n&#8211; Freizeitangebote<br \/>\n&#8211; Eingliederungshilfe<br \/>\n&#8211; Arbeit<br \/>\n&#8211; \u00d6ffentlichkeitsarbeit<br \/>\n&#8211; Internetauftritt<br \/>\n&#8211; (Vor)Schulische F\u00f6rderung<br \/>\n&#8211; (Vor)Schulische Fortbildung<\/p>\n<p>Bitte nehmen Sie direket Kontakt mit uns auf.<\/p>\n<p><strong>Danke f\u00fcr Ihre Mitarbeit!<\/strong><\/p>\n","protected":false},"excerpt":{"rendered":"<p>Bei Fragen senden Sie uns eine E-Mail an:\u00a0 LAG@Autismus-Niedersachsen.de Haben Sie, Ihre Selbsthilfegruppe oder Verein ein spezielles Angebot f\u00fcr unser Netzwerk? M\u00f6chten Sie in einem regionalen interdisziplin\u00e4ren Netzwerkknoten mitarbeiten? Wenn ja in welcher Region oder Stadt? M\u00f6chten Sie gern in einem landesweiten disziplin\u00e4ren Netzwerkknoten mitarbeiten? Vielleicht in folgenden Themenbereichen: &#8211;<\/p>\n","protected":false},"author":1,"featured_media":0,"parent":125,"menu_order":1,"comment_status":"closed","ping_status":"closed","template":"","meta":{"footnotes":"","_links_to":"","_links_to_target":""},"class_list":["post-161","page","type-page","status-publish","hentry"],"_links":{"self":[{"href":"https:\/\/www.autismus-niedersachsen.de\/index.php?rest_route=\/wp\/v2\/pages\/161","targetHints":{"allow":["GET"]}}],"collection":[{"href":"https:\/\/www.autismus-niedersachsen.de\/index.php?rest_route=\/wp\/v2\/pages"}],"about":[{"href":"https:\/\/www.autismus-niedersachsen.de\/index.php?rest_route=\/wp\/v2\/types\/page"}],"author":[{"embeddable":true,"href":"https:\/\/www.autismus-niedersachsen.de\/index.php?rest_route=\/wp\/v2\/users\/1"}],"replies":[{"embeddable":true,"href":"https:\/\/www.autismus-niedersachsen.de\/index.php?rest_route=%2Fwp%2Fv2%2Fcomments&post=161"}],"version-history":[{"count":4,"href":"https:\/\/www.autismus-niedersachsen.de\/index.php?rest_route=\/wp\/v2\/pages\/161\/revisions"}],"predecessor-version":[{"id":1206,"href":"https:\/\/www.autismus-niedersachsen.de\/index.php?rest_route=\/wp\/v2\/pages\/161\/revisions\/1206"}],"up":[{"embeddable":true,"href":"https:\/\/www.autismus-niedersachsen.de\/index.php?rest_route=\/wp\/v2\/pages\/125"}],"wp:attachment":[{"href":"https:\/\/www.autismus-niedersachsen.de\/index.php?rest_route=%2Fwp%2Fv2%2Fmedia&parent=161"}],"curies":[{"name":"wp","href":"https:\/\/api.w.org\/{rel}","templated":true}]}}