{"id":166,"date":"2015-02-13T16:22:57","date_gmt":"2015-02-13T14:22:57","guid":{"rendered":"http:\/\/blau45.de\/test1\/?page_id=166"},"modified":"2025-11-19T22:59:17","modified_gmt":"2025-11-19T20:59:17","slug":"externe-internet-links","status":"publish","type":"page","link":"https:\/\/www.autismus-niedersachsen.de\/?page_id=166","title":{"rendered":"Externe Internet-Links"},"content":{"rendered":"<p><strong>\u00dcberregionale Autismus-Netzwerke<\/strong><\/p>\n<p>&nbsp;<\/p>\n<p><strong>Netzwerk Autismus Niederbayern Oberpfalz<\/strong><\/p>\n<p>Menschen mit Autismus und ihre Angeh\u00f6rigen in Bayern und der Oberpfalz erhalten hier Information, Beratung und Unterst\u00fctzung. Spezielle Anliegen der Netzwerke sind die Themen Diagnose, Therapie und F\u00f6rderung, die Lebensbereiche Lernen, Arbeiten und Wohnen, sozialrechtliche Fragen, Selbsthilfe und die Koordination bedarfsgerechter Hilfen.<br \/>\n<a href=\"http:\/\/www.netzwerk-autismus.eu\">www.netzwerk-autismus.eu<\/a><\/p>\n<p>&nbsp;<\/p>\n<p><strong>Kooperationsverbund Autismus Brandenburg<\/strong><br \/>\nUm den komplexen Herausforderungen der Thematik \u201eAutismus\u201c hochqualifiziert f\u00fcr das Land Brandenburg begegnen zu k\u00f6nnen, haben sich drei Tr\u00e4ger mit je eigenen Erfahrungen zu einem Kooperationsverbund zusammengeschlossen. www.verbund-autismus.de<\/p>\n<p>Landesamt f\u00fcr Soziales und Versorgung des Landes Brandenburg &#8211;<br \/>\nDokumentation der Arbeitsgruppe Autismus:<br \/>\n&#8222;Autismus- eine (nicht) allt\u00e4gliche Herausforderung&#8220; &#8211; externer Link hier.<\/p>\n<p>&nbsp;<\/p>\n<p><strong>Autismus Kompetenznetzwerk Oberbayern<\/strong><br \/>\nDieses Internetportal dient dazu das Versorgungsangebot sowie die Angebote der Selbsthilfe f\u00fcr Menschen mit Autismus, deren Angeh\u00f6rige, Partner und Bezugspersonen als auch professionelle Helfer und Leistungserbringer in der Fl\u00e4che Oberbayerns zug\u00e4nglich zu machen.<br \/>\n<a href=\"http:\/\/www.akn-obb.de\">www.akn-onn.de<\/a><\/p>\n<p>&nbsp;<\/p>\n<p><strong>Autismus Netzwerk Th\u00fcringen<\/strong><br \/>\nHier k\u00f6nnen Sie sich zum Thema Autismus in Th\u00fcringen informieren. Sie finden etwas \u00fcber die Definition, die Diagnose und Therapiem\u00f6glichkeiten. Au\u00dferdem k\u00f6nnen Sie etwas \u00fcber regionale Adressen und Anlaufstellen f\u00fcr Menschen mit Autismus in Th\u00fcringen erfahren.<br \/>\n<a href=\"https:\/\/www.autismus-thueringen.de\/unser-netzwerk\/\">www.ant-erfurt.de<\/a><\/p>\n<p>&nbsp;<\/p>\n<p><strong>Autismus-Kompetenzzentrum-Mittelfranken<\/strong><br \/>\n<a href=\"http:\/\/www.autismus-mittelfranken.de\">www.autismus-mittelfranken.de<\/a><\/p>\n<p>&nbsp;<\/p>\n<p><strong>Menschen mit Autismus, Kommunikation und P\u00e4dagogik\u00a0\u00a0\u00a0\u00a0\u00a0\u00a0\u00a0\u00a0\u00a0\u00a0\u00a0\u00a0\u00a0 <\/strong><br \/>\nProf. Dr. Theo Klau\u00df, P\u00e4dagogik f\u00fcr Menschen mit geistiger Behinderung<br \/>\nP\u00e4dagogische Hochschule Heidelberg, Fakult\u00e4t I (Erziehungs- und Sozialwissenschaften), Institut f\u00fcr Sonderp\u00e4dagogik, Abt. II,<br \/>\nFachrichtung Geistig- und Mehrfachbehindertenp\u00e4dagogik<br \/>\nunter folgendem Link allgemein und zum Thema &#8222;Menschen mit Autismus&#8220; im Detail.<\/p>\n<p>&nbsp;<\/p>\n<p><strong>Kommunikation\u00a0<\/strong><\/p>\n<p><strong>Unterst\u00fctzte Kommunikation<br \/>\n<\/strong>Gesellschaft f\u00fcr unterst\u00fctzte Kommunikation e. V. www.isaac-online.de<\/p>\n<p><strong>Gest\u00fctzte Kommunikation (Facilitated Communication &#8211; FC)<br \/>\n<\/strong>FC-NETZ Deutschland\u00a0 <a href=\"http:\/\/www.fc-netz.de\">www.fc-netz.de<\/a><br \/>\nDietmar Z\u00f6ller <a href=\"http:\/\/www.dietmarzoeller.de.tl\/\">http:\/\/www.dietmarzoeller.de.tl\/<\/a><\/p>\n<p>&nbsp;<\/p>\n<p><strong>Diagnostik<\/strong><\/p>\n<p>Auf dem Weg zur Diagnose &#8211; viel, viel zu viel wertvolle Zeit vergeht!<\/p>\n<p>Zwei Beispiele wie viele andere zum herunterladen:<br \/>\n<a href=\"http:\/\/www.autismus-niedersachsen.de\/wp-content\/uploads\/2015\/02\/Diagnose-1.pdf\">Diagnose 1<\/a>\u00a0 &#8211;\u00a0 <a href=\"http:\/\/www.autismus-niedersachsen.de\/wp-content\/uploads\/2015\/02\/Diagnose-2.pdf\">Diagnose 2<\/a><\/p>\n<p><strong>\u00a0<\/strong><\/p>\n<p><strong>Bundesministerium f\u00fcr Arbeit und Soziales<br \/>\n<\/strong><\/p>\n<p><a href=\"http:\/\/www.bmas.de\">www.bmas.de<\/a><strong><br \/>\n<\/strong>Einen &#8222;Ratgeber f\u00fcr Menschen mit Behinderung&#8220; k\u00f6nnen Sie <a href=\"http:\/\/www.bmas.de\/DE\/Service\/Medien\/Publikationen\/a712-ratgeber-fuer-behinderte-mens.html\">hier<\/a>\u00a0neben anderen<br \/>\ninteressanten Publikationen bestellen.<br \/>\nWeitere Informationen finden Sie auch auf dem Internetportal &#8222;Einfach teilhaben: Das Webportal f\u00fcr Menschen mit Behinderungen, ihre Angeh\u00f6rigen, Verwaltungen und Unternehmen&#8220; des\u00a0 Bundesministeriums f\u00fcr Arbeit und Soziales.<\/p>\n<p>Rechtsanwaltskanzlei Hohage, May &amp; Partner &#8211; Hamburg, Hannover, M\u00fcnchen, Berlin<br \/>\n<a href=\"http:\/\/www.hohage-may.de\">www.hohage-may.de<\/a>\u00a0 &#8211; Hier finden Sie rechtliche Informationen zum Erben und Vererben sowie zur Schulassistenz und zum Thema <a href=\"http:\/\/www.autismus-niedersachsen.de\/wp-content\/uploads\/2015\/11\/e_e_Vortrag_Autismus_Teilhabe_RA_Priess_11_05_20.pdf\">&#8222;Sozialrecht aktuell 2011&#8220;<\/a> und <a href=\"http:\/\/www.autismus-niedersachsen.de\/wp-content\/uploads\/2015\/11\/RA-Priess_einzigartig-eigenartig_12-06-07_HP.pdf\">&#8222;Sozialrecht aktuell 2012&#8220;<\/a>.<\/p>\n<p>&nbsp;<\/p>\n<p><strong>Selbsthilfegruppen und Organisationen<\/strong><\/p>\n<p>Der Verein autSocial hat sich aus der autWorker Genossenschaft herausgebildet. Gerade der soziale Bereich ist so wichtig, dass autSocial sich dieser Aufgabe widmen m\u00f6chte. Das erkl\u00e4rte Ziel ist die Verbesserung der Lebensqualit\u00e4t von Autisten und AD(H)Slern. <a href=\"http:\/\/www.autsocial.de\">www.autsocial.de<\/a><\/p>\n<p>Die Autismus-Forschungs-Kooperation (AFK) ist ein Zusammenschluss von autistischen Menschen und Wissenschaftlern des Max-Planck-Instituts f\u00fcr Bildungsforschung und der Freien Universit\u00e4t Berlin. Ziel der seit 2007 bestehenden AFK ist es, erstmalig Fragen gemeinsam zu erforschen, die aus der Perspektive autistischer Erwachsener relevant sind.<br \/>\nIhre Forschungsergebnisse sollen langfristig dazu beitragen, die Lebensqualit\u00e4t von Menschen aus dem Autismusspektrum zu verbessern. <a href=\"http:\/\/www.autismus-forschungs-kooperation.de\/\">www.autismus-forschungs-kooperation.de<\/a><\/p>\n<p>&nbsp;<\/p>\n<p><strong>Autismus im TV<\/strong><\/p>\n<p>WDR: Quarks &amp; Co: &#8222;Was ist anders bei Nicole? Begegnung mit einer Autistin&#8220;<br \/>\nDen externen Link zur Sendung finden Sie <a href=\"https:\/\/vimeo.com\/4557971\">hier<\/a>, die PDF zur Sendung des WDR <a href=\"http:\/\/www.autismus-niedersachsen.de\/wp-content\/uploads\/2015\/11\/Q_Autismus2.pdf\">hier<\/a>.<br \/>\n<a href=\"http:\/\/www.autismus-niedersachsen.de\/wp-content\/uploads\/2015\/11\/MythenAutismus-quarksundco.pdf\">Hier <\/a>finden Sie auch 10 Mythen \u00fcber Autismus von Quarks &amp; Co.<\/p>\n<p>&nbsp;<\/p>\n<p><strong>Autismus und Kultur<\/strong><\/p>\n<p>Autismus-Kultur informiert umfassend \u00fcber Autismus aus der Sicht von Autisten und setzt sich f\u00fcr Selbstbestimmung, Barrierefreiheit und Respekt ein. <a href=\"http:\/\/autismus-kultur.de\/\">http:\/\/autismus-kultur.de<\/a><\/p>\n<p>\u00bbakku\u00ab ist eine Initiative f\u00fcr Autismus, Kunst und Kultur des autismus Deutschland e.V.. Informieren Sie sich auf den Internetseiten \u00fcber die Initiatoren, den Sinn und die Ziele der Initiative sowie die bisher erreichten Meilensteine. <a href=\"https:\/\/www.akku-ev.org\">http:\/\/initiative-akku-ev.org<\/a><\/p>\n","protected":false},"excerpt":{"rendered":"<p>\u00dcberregionale Autismus-Netzwerke &nbsp; Netzwerk Autismus Niederbayern Oberpfalz Menschen mit Autismus und ihre Angeh\u00f6rigen in Bayern und der Oberpfalz erhalten hier Information, Beratung und Unterst\u00fctzung. Spezielle Anliegen der Netzwerke sind die Themen Diagnose, Therapie und F\u00f6rderung, die Lebensbereiche Lernen, Arbeiten und Wohnen, sozialrechtliche Fragen, Selbsthilfe und die Koordination bedarfsgerechter Hilfen. www.netzwerk-autismus.eu<\/p>\n","protected":false},"author":1,"featured_media":0,"parent":123,"menu_order":4,"comment_status":"closed","ping_status":"closed","template":"","meta":{"footnotes":"","_links_to":"","_links_to_target":""},"class_list":["post-166","page","type-page","status-publish","hentry"],"_links":{"self":[{"href":"https:\/\/www.autismus-niedersachsen.de\/index.php?rest_route=\/wp\/v2\/pages\/166","targetHints":{"allow":["GET"]}}],"collection":[{"href":"https:\/\/www.autismus-niedersachsen.de\/index.php?rest_route=\/wp\/v2\/pages"}],"about":[{"href":"https:\/\/www.autismus-niedersachsen.de\/index.php?rest_route=\/wp\/v2\/types\/page"}],"author":[{"embeddable":true,"href":"https:\/\/www.autismus-niedersachsen.de\/index.php?rest_route=\/wp\/v2\/users\/1"}],"replies":[{"embeddable":true,"href":"https:\/\/www.autismus-niedersachsen.de\/index.php?rest_route=%2Fwp%2Fv2%2Fcomments&post=166"}],"version-history":[{"count":12,"href":"https:\/\/www.autismus-niedersachsen.de\/index.php?rest_route=\/wp\/v2\/pages\/166\/revisions"}],"predecessor-version":[{"id":1408,"href":"https:\/\/www.autismus-niedersachsen.de\/index.php?rest_route=\/wp\/v2\/pages\/166\/revisions\/1408"}],"up":[{"embeddable":true,"href":"https:\/\/www.autismus-niedersachsen.de\/index.php?rest_route=\/wp\/v2\/pages\/123"}],"wp:attachment":[{"href":"https:\/\/www.autismus-niedersachsen.de\/index.php?rest_route=%2Fwp%2Fv2%2Fmedia&parent=166"}],"curies":[{"name":"wp","href":"https:\/\/api.w.org\/{rel}","templated":true}]}}