{"id":170,"date":"2015-02-13T16:29:21","date_gmt":"2015-02-13T14:29:21","guid":{"rendered":"http:\/\/blau45.de\/test1\/?page_id=170"},"modified":"2025-11-19T23:00:01","modified_gmt":"2025-11-19T21:00:01","slug":"regionalknoten","status":"publish","type":"page","link":"https:\/\/www.autismus-niedersachsen.de\/?page_id=170","title":{"rendered":"Regionalknoten in Nds."},"content":{"rendered":"<p>Die Regionalknoten in Niedersachsen f\u00f6rdern die regionale Vernetzung aller Akteure im Bereich Autismus. Im Vordergrund bei Treffen von Regionalknoten steht der Austausch auf fachlicher Ebene. F\u00fcr Betroffene und Angeh\u00f6rige empfiehlt sich der Besuch von Selbsthilfegruppen. Ein Verzeichnis der Selbsthilfegruppen in Niedersachsen, Hamburg und Bremen finden Sie hier.<\/p>\n<p>&nbsp;<\/p>\n<p><strong>21423 Winsen\/Luhe<\/strong><\/p>\n<p>Als erster Schritt wurde am 23.03.2009 der Arbeitskreis Autismus beim Landkreis Harburg gegr\u00fcndet. Zielsetzung ist, den Kenntnisstand der im Landkreis Beteiligten auf einen einheitlichen Stand zu bringen und weiter zu entwickeln, die Vernetzung aller Akteure im Landkreis, eine m\u00f6glichst optimale Versorgung der behinderten Kinder bzw. die Beratung der Eltern der behinderten Kinder sicherzustellen.<\/p>\n<p>Kontakt:<br \/>\nFrau Schwemin<br \/>\nTel.: 04171-693-387 und 04171-693-389 (Sekretariat)<br \/>\nEmail: ass@lkharburg.de<br \/>\nInternet: www.landkreis-harburg.de\/portal\/seiten\/arbeitskreis_autismus-1001524-20100.html?naviID=1001344&amp;brotID=1001344&amp;rubrik=1000025&amp;<br \/>\nEine Vorlage (VA0648\/2009) zum Hilfeplan f\u00fcr Menschen mit einer Autismus-Spektrum-St\u00f6rung finden Sie hier: <a href=\"http:\/\/www.landkreis-harburg.de\/allris\/vo020.asp?VOLFDNR=7972&amp;options=128\">http:\/\/www.landkreis-harburg.de\/allris\/vo020.asp?VOLFDNR=7972&amp;options=128<\/a><\/p>\n<p>&nbsp;<\/p>\n<p><strong>29651 Walsrode<\/strong><\/p>\n<p>Im November 2010 hat sich im Landkreis Soltau-Fallingbostel (SFA) das \u201cAutismus-Dreieck\u201d gegr\u00fcndet. Ziele sind u. a. die vorhandenen Angebote zum Thema Autismus-Spektrum-St\u00f6rung zu vernetzen und die Angebotsstruktur im Landkreis zu verbessern.<\/p>\n<p>Teilnehmer des Autismus-Dreieck sind der Verein \u201ceinzigartig-eigenartig e.V.\u201d, der \u201cInternationale Bund- Freier Tr\u00e4ger der Jugend-, Sozial und Bildungsarbeit e.V.\u201d, die \u201cLebenshilfe Walsrode e.V.\u201d und der Schubus (Schulisches Beratungs- und Unterst\u00fctzungssystem f\u00fcr den Landkreis SFA).<\/p>\n<p>Kontakt:<br \/>\neinzigartig-eigenartig e.V.<br \/>\nAnrufbeantworter und Fax: 03212-1122048<br \/>\nEmail: AUTISMUS-Dreieck@einzigartig-eigenartig.de<br \/>\nInternet: <a href=\"http:\/\/www.einzigartig-eigenartig.de\">www.einzigartig-eigenartig.de<\/a><\/p>\n<p>&nbsp;<\/p>\n<p><strong>30165 Hannover<\/strong><\/p>\n<p>Der Runde Tisch Autismus Hannover gr\u00fcndete sich im Juni 2014. Treffen finden drei bis vier Mal im Jahr an unterschiedlichen Orten statt. Ziel ist das Kennenlernen relevanter Institutionen und die Vernetzung. Teilnehmende sind Anbieter aus verschiedenen Bereichen.<\/p>\n<p>Kontakt:<br \/>\nMichael Schmitz, ProSchool<br \/>\nEmail: msc@pro-school.de<\/p>\n<p>&nbsp;<\/p>\n<p><strong>31134 Hildesheim<\/strong><\/p>\n<p>Am 06.03.2012 hat sich f\u00fcr alle am Thema Autismus Interessierten, der Regionalknoten Hildesheim gebildet. Treffen finden regelm\u00e4\u00dfig alle drei Monate zu unterschiedlichen Themen statt. Teilnehmende sind Mitarbeiterinnen und Mitarbeiter von \u00c4mtern, Eltern von Kindern mit Autismus, Betroffene und Leistungsanbieter. Teilnehmen kann jede\/r, der im Bereich Autismus arbeitet oder selbst betroffen ist. Eine Anmeldung zur Teilnehme wird erbeten.<\/p>\n<p>Kontakt:<br \/>\nAuthilde GbR<br \/>\nFrau T\u00f6dter und Frau Diederich<br \/>\nTel.: 05121-9358193<br \/>\nEmail: info@authilde.de<br \/>\nInternet: <a href=\"http:\/\/www.authilde.de\">www.authilde.de<\/a><\/p>\n<p>&nbsp;<\/p>\n<p><strong>31653 Stadthagen<\/strong><\/p>\n<p>Seit 2008 treffen sich im Landkreis Schaumburg mehrmals j\u00e4hrlich Vertreter\/innen verschiedener Institutionen, die Kontaktstellen bei Fragen zum Thema \u201eAutismus\u201c sind. Der \u201eRunde Tisch Autismus\u201c hat sich zum Ziel gesetzt, die Zusammenarbeit der Institutionen im Landkreis Schaumburg zu verbessern und eine systematische Beratung und Unterst\u00fctzung zu erm\u00f6glichen.<\/p>\n<p>Teilnehmer\/innen sind: Gesundheitsamt, Sozialamt, Sozialpsychiatrischer Dienst, Jugendamt, Schulpsychologischer Dienst, schulisches Beratungszentrum f\u00fcr Kinder mit sozialen und emotionalen Auff\u00e4lligkeiten, Erziehungsberatungsst\u00e4tte, Parit\u00e4tischer Schaumburg (stellt Schulhelfer\/innen ein), Integrationsbeauftragter der Landesschulbeh\u00f6rde, Autismus-Ambulanz, Schule am B\u00fcrgerwald \/ Tagesbildungsst\u00e4tte.<\/p>\n<p>Kontakt:<br \/>\nParit\u00e4tische Lebenshilfe Schaumburg-Weserbergland GmbH<br \/>\nAmbulanz f\u00fcr autistische Kinder und Jugendliche<br \/>\nChristina Heinecke<br \/>\nTel.: 05721-890253-677<br \/>\nInternet: <a href=\"http:\/\/www.paritaetische-lebenshilfe.de\">www.paritaetische-lebenshilfe.de<\/a><\/p>\n<p>&nbsp;<\/p>\n<p><strong>49074 Osnabr\u00fcck<\/strong><\/p>\n<p>In Osnabr\u00fcck ist eine Brosch\u00fcre mit Adressen, Angeboten und Informationen zum Thema Autismus in und um Osnabr\u00fcck entstanden. Der Schwerpunkt bei der Erstellung dieser Brosch\u00fcre wurde auf die Bed\u00fcrfnisse von Eltern von Kindern und Jugendlichen im Alter zwischen 10 und 17 Jahren mit einer St\u00f6rung aus dem Autismus-Spektrum in der Stadt und dem Landkreis Osnabr\u00fcck gelegt. Die Brosch\u00fcre als PDF-Datei herunterladen: <a href=\"http:\/\/www.autismus-niedersachsen.de\/wp-content\/uploads\/2015\/12\/Autismus-Osnabrueck-Nov08.pdf\">Autismus-Osnabrueck-Nov08.pdf<\/a><\/p>\n","protected":false},"excerpt":{"rendered":"<p>Die Regionalknoten in Niedersachsen f\u00f6rdern die regionale Vernetzung aller Akteure im Bereich Autismus. Im Vordergrund bei Treffen von Regionalknoten steht der Austausch auf fachlicher Ebene. F\u00fcr Betroffene und Angeh\u00f6rige empfiehlt sich der Besuch von Selbsthilfegruppen. Ein Verzeichnis der Selbsthilfegruppen in Niedersachsen, Hamburg und Bremen finden Sie hier. &nbsp; 21423 Winsen\/Luhe<\/p>\n","protected":false},"author":1,"featured_media":0,"parent":60,"menu_order":5,"comment_status":"closed","ping_status":"closed","template":"","meta":{"footnotes":"","_links_to":"","_links_to_target":""},"class_list":["post-170","page","type-page","status-publish","hentry"],"_links":{"self":[{"href":"https:\/\/www.autismus-niedersachsen.de\/index.php?rest_route=\/wp\/v2\/pages\/170","targetHints":{"allow":["GET"]}}],"collection":[{"href":"https:\/\/www.autismus-niedersachsen.de\/index.php?rest_route=\/wp\/v2\/pages"}],"about":[{"href":"https:\/\/www.autismus-niedersachsen.de\/index.php?rest_route=\/wp\/v2\/types\/page"}],"author":[{"embeddable":true,"href":"https:\/\/www.autismus-niedersachsen.de\/index.php?rest_route=\/wp\/v2\/users\/1"}],"replies":[{"embeddable":true,"href":"https:\/\/www.autismus-niedersachsen.de\/index.php?rest_route=%2Fwp%2Fv2%2Fcomments&post=170"}],"version-history":[{"count":5,"href":"https:\/\/www.autismus-niedersachsen.de\/index.php?rest_route=\/wp\/v2\/pages\/170\/revisions"}],"predecessor-version":[{"id":1412,"href":"https:\/\/www.autismus-niedersachsen.de\/index.php?rest_route=\/wp\/v2\/pages\/170\/revisions\/1412"}],"up":[{"embeddable":true,"href":"https:\/\/www.autismus-niedersachsen.de\/index.php?rest_route=\/wp\/v2\/pages\/60"}],"wp:attachment":[{"href":"https:\/\/www.autismus-niedersachsen.de\/index.php?rest_route=%2Fwp%2Fv2%2Fmedia&parent=170"}],"curies":[{"name":"wp","href":"https:\/\/api.w.org\/{rel}","templated":true}]}}