{"id":282,"date":"2015-03-10T15:53:26","date_gmt":"2015-03-10T13:53:26","guid":{"rendered":"http:\/\/www.autismus-niedersachsen.de\/?page_id=282"},"modified":"2019-03-18T17:55:11","modified_gmt":"2019-03-18T15:55:11","slug":"termine","status":"publish","type":"page","link":"https:\/\/www.autismus-niedersachsen.de\/?page_id=282","title":{"rendered":"Termine der Arbeitsgruppe"},"content":{"rendered":"<p><strong>16. Sitzung der Projektgruppe &#8222;Schule&#8220;<\/strong><\/p>\n<p>Datum: 19.06.2018 von 17:00 bis 18:30 Uhr<br \/>\nOrt: Vordere Sch\u00f6neworth 14, 30165 Hannover<\/p>\n<p>Vorstellung aller erarbeiteten Ergebnisse der letzten Treffen<br \/>\nErarbeitung eines Positionspapieres zum Thema Schule<\/p>\n<p>&nbsp;<\/p>\n<p><strong>15. Sitzung der Projektgruppe &#8222;Schule&#8220;<\/strong><\/p>\n<p>Datum: 08.05.2018 von 17:00 bis 18:30 Uhr<br \/>\nOrt: Vordere Sch\u00f6neworth 14, 30165 Hannover<\/p>\n<p>Erarbeitung konkreter Ma\u00dfnahmen in Kleingruppen<\/p>\n<p>&nbsp;<\/p>\n<p><strong>14. Sitzung der Projektgruppe &#8222;Schule&#8220;<\/strong><\/p>\n<p>Datum: 18.01.2018 von 17:00 bis 18:30 Uhr<br \/>\nOrt: Vordere Sch\u00f6neworth 14, 30165 Hannover<\/p>\n<p>Tagesordnung:<br \/>\nAustausch \u00fcber bestehende Strukturen und Angebote in Niedersachsen<br \/>\nVorstellung von besonders geeignetem und wertgesch\u00e4tztem Informationsmaterial<br \/>\nGr\u00fcndung von Arbeitsgruppen zu den erarbeiteten Schwerpunkten: \u00d6ffentlichkeitsarbeit, Aufkl\u00e4rung, F\u00f6rderschwerpunkt Autismus und Vernetzung<br \/>\nAbstimmung \u00fcber weiteres Vorgehen<\/p>\n<p><a href=\"https:\/\/www.autismus-niedersachsen.de\/wp-content\/uploads\/2019\/03\/LAG_Einladung_01.2018.pdf\">LAG_Einladung_01.2018<\/a><\/p>\n<p>&nbsp;<\/p>\n<p><strong>13. Sitzung der Projektgruppe &#8222;Schule&#8220;<br \/>\n<\/strong><\/p>\n<p>Wie in den anderen Arbeitsbereichen ist auch die Schule mit all ihren Facetten M\u00f6glichkeiten und Grenzen ein Bereich in dem mit intensiver Netzwerkarbeit und Aufkl\u00e4rung die Situation von Kindern und Jugendlichen mit Problemen aus dem Autismus Spektrum noch viel Raum zur Verbesserung und Weiterentwicklung bietet.<\/p>\n<p>Datum: 23.11.2017 Uhrzeit 17.00 Uhr<br \/>\nOrt: gGIS mbH, Vordere Sch\u00f6neworth 14, 30167 Hannover<\/p>\n<p>Thema: Reaktivierung der Projektgruppe Schule<\/p>\n<p>Anmeldung per Email erbeten unter <a href=\"mailto:schule@autismus-niedersachsen.de\"><br \/>\nschule@autismus-niedersachsen.de<\/a><\/p>\n<p>&nbsp;<\/p>\n<p><strong>12.Sitzung der Projektgruppe &#8222;Schule&#8220;<\/strong><\/p>\n<p>Datum: Freitag, 06.02.2015 Uhrzeit 16-18 Uhr<br \/>\nOrt: gGIS mbH, Emil-Meyer-Stra\u00dfe 20, 30165 Hannover<\/p>\n<p>Thema: Besprechung der Themen f\u00fcr das Jahr 2015<br \/>\n<a href=\"http:\/\/www.autismus-niedersachsen.de\/wp-content\/uploads\/2015\/03\/Einladung-Projektgruppe-Schule-Sitzung-12.pdf\">Einladung Projektgruppe Schule &#8211; Sitzung 12<\/a><\/p>\n<p>&nbsp;<\/p>\n<p><strong>11.Sitzung der Projektgruppe &#8222;Schule&#8220;<\/strong><\/p>\n<p>Datum: Freitag, 10.10.2014 Uhrzeit 16-18 Uhr<br \/>\nOrt: gGIS mbH, Emil-Meyer-Stra\u00dfe 20, 30165 Hannover<\/p>\n<p>Thema: Nachbesprechung der letzten Sitzung<br \/>\n<a href=\"http:\/\/www.autismus-niedersachsen.de\/wp-content\/uploads\/2015\/03\/Einladung-Projektgruppe-Schule-Sitzung-11.pdf\">Einladung Projektgruppe Schule &#8211; Sitzung 11<\/a><\/p>\n<p>&nbsp;<\/p>\n<p><strong>10.Sitzung der Projektgruppe &#8222;Schule&#8220;<\/strong><\/p>\n<p>Datum: Freitag, 25.04.2014 Uhrzeit 14-16 Uhr<br \/>\nOrt: gGIS mbH, Emil-Meyer-Stra\u00dfe 20, 30165 Hannover<\/p>\n<p>Thema: Fachberatung durch Landesschulbeh\u00f6rde<br \/>\n<a href=\"http:\/\/www.autismus-niedersachsen.de\/wp-content\/uploads\/2015\/03\/Einladung-Projektgruppe-Schule-Sitzung-10.pdf\">Einladung Projektgruppe Schule &#8211; Sitzung 10<\/a><\/p>\n<p>&nbsp;<\/p>\n<p><strong>9.Sitzung der Projektgruppe &#8222;Schule&#8220;<\/strong><\/p>\n<p>Datum: Freitag, 14.02.2014 Uhrzeit 14-16 Uhr<br \/>\nOrt: gGIS mbH, Emil-Meyer-Stra\u00dfe 20, 30165 Hannover<\/p>\n<p>Thema: Fachberatung durch Landesschulbeh\u00f6rde<br \/>\n<a href=\"http:\/\/www.autismus-niedersachsen.de\/wp-content\/uploads\/2015\/03\/Einladung-Projektgruppe-Schule-Sitzung-09.pdf\">Einladung Projektgruppe Schule &#8211; Sitzung 09<\/a><\/p>\n<p>&nbsp;<\/p>\n<p><strong>8. Sitzung der Projektgruppe &#8222;Schule&#8220;<\/strong><\/p>\n<p>Datum: Freitag, 15.11.2013 Uhrzeit 16-18 Uhr<br \/>\nOrt: gGIS mbH, Emil-Meyer-Stra\u00dfe 20, 30165 Hannover<\/p>\n<p>Nachbesprechung der 2. Interdisziplin\u00e4ren Fachtagung in Walsrode<\/p>\n<p>&nbsp;<\/p>\n<p><strong>7. Sitzung der Projektgruppe &#8222;Schule&#8220;<\/strong><\/p>\n<p>Datum: Freitag, 23.08.2013 Uhrzeit 16-18 Uhr<br \/>\nOrt: gGIS mbH, Emil-Meyer-Stra\u00dfe 20, 30165 Hannover<\/p>\n<p>Thema: Vorbereitung einer Stellungnahme f\u00fcr die Walsroder Erkl\u00e4rung<br \/>\n<a href=\"http:\/\/www.autismus-niedersachsen.de\/wp-content\/uploads\/2015\/03\/Einladung-Projektgruppe-Schule-Sitzung-07.pdf\">Einladung Projektgruppe Schule &#8211; Sitzung 07<\/a><\/p>\n<p>&nbsp;<\/p>\n<p><strong>6. Sitzung der Projektgruppe &#8222;Schule&#8220;<\/strong><\/p>\n<p>Datum: Freitag, 26.04.2013 Uhrzeit 16-18 Uhr<br \/>\nOrt: gGIS mbH, Emil-Meyer-Stra\u00dfe 20, 30165 Hannover<\/p>\n<p>Nachbesprechung des Gespr\u00e4ches mit dem Kultusministerium &#8211; Er\u00f6rterung des Gespr\u00e4chsergebnisses und weiteres Vorgehen<\/p>\n<p>&nbsp;<\/p>\n<p><strong>5. Sitzung der Projektgruppe &#8222;Schule&#8220;<\/strong><\/p>\n<p>Datum: Freitag, 22.02.2013 Uhrzeit 15-17 Uhr<br \/>\nOrt: gGIS mbH, Emil-Meyer-Stra\u00dfe 20, 30165 Hannover<\/p>\n<p>Vorbereitung des Gespr\u00e4ches mit dem Kultusministerium<br \/>\n<a href=\"http:\/\/www.autismus-niedersachsen.de\/wp-content\/uploads\/2015\/03\/Einladung-Projektgruppe-Schule-Sitzung-05.pdf\">Einladung Projektgruppe Schule &#8211; Sitzung 05<\/a><\/p>\n<p>&nbsp;<\/p>\n<p><strong>4. Sitzung der Projektgruppe &#8222;Schule&#8220;<\/strong><\/p>\n<p>Datum: Freitag, 27.05.2011 Uhrzeit 14-17 Uhr<br \/>\nOrt: gGIS mbH, Emil-Meyer-Stra\u00dfe 20, 30165 Hannover<\/p>\n<p>Vortrag: &#8222;Inklusion&#8220;<\/p>\n<p>&nbsp;<\/p>\n<p><strong>3. Sitzung der Projektgruppe &#8222;Schule&#8220;<\/strong><\/p>\n<p>Datum: Freitag, 11.02.2011 Uhrzeit 14-17 Uhr<br \/>\nOrt: gGIS mbH, Emil-Meyer-Stra\u00dfe 20, 30165 Hannover<\/p>\n<p>Vortrag: Anke Hausotter, Nicole Hagen und Anne Chaunier\u00e9:<br \/>\n&#8222;Autismusberatung f\u00fcr Schulen im Landkreis Hameln- Pyrmont&#8220;<br \/>\n<a href=\"http:\/\/www.autismus-niedersachsen.de\/wp-content\/uploads\/2015\/03\/Vortrag-Annegret-Schmidt-10-10-01.pdf\">Vortrag Annegret Schmidt 10-10-01<\/a><\/p>\n<p>&nbsp;<\/p>\n<p><strong>2. Sitzung der Projektgruppe &#8222;Schule&#8220;<\/strong><\/p>\n<p>Datum: Freitag, 01.10.2010 Uhrzeit 15-17 Uhr<br \/>\nOrt: gGIS mbH, Emil-Meyer-Stra\u00dfe 20, 30165 Hannover<\/p>\n<p>Vortrag: Frau Annegret Schmidt :<br \/>\n&#8222;F\u00f6rderkonzept der Albert-Liebmann-Schule Hannover f\u00fcr Kinder mit Autismus-Spektrum-St\u00f6rungen&#8220;<\/p>\n<p>&nbsp;<\/p>\n<p><strong>1. Sitzung der Projektgruppe &#8222;Schule&#8220;<\/strong><\/p>\n<p>Datum: Samstag, 08.05.2010 Uhrzeit 13-16 Uhr<br \/>\nOrt: gGIS mbH, Emil-Meyer-Stra\u00dfe 20, 30165 Hannover<\/p>\n<p>Konstitutierung der Projektgruppe<\/p>\n","protected":false},"excerpt":{"rendered":"<p>16. Sitzung der Projektgruppe &#8222;Schule&#8220; Datum: 19.06.2018 von 17:00 bis 18:30 Uhr Ort: Vordere Sch\u00f6neworth 14, 30165 Hannover Vorstellung aller erarbeiteten Ergebnisse der letzten Treffen Erarbeitung eines Positionspapieres zum Thema Schule &nbsp; 15. Sitzung der Projektgruppe &#8222;Schule&#8220; Datum: 08.05.2018 von 17:00 bis 18:30 Uhr Ort: Vordere Sch\u00f6neworth 14, 30165 Hannover<\/p>\n","protected":false},"author":1,"featured_media":0,"parent":36,"menu_order":1,"comment_status":"closed","ping_status":"closed","template":"","meta":{"footnotes":"","_links_to":"","_links_to_target":""},"class_list":["post-282","page","type-page","status-publish","hentry"],"_links":{"self":[{"href":"https:\/\/www.autismus-niedersachsen.de\/index.php?rest_route=\/wp\/v2\/pages\/282","targetHints":{"allow":["GET"]}}],"collection":[{"href":"https:\/\/www.autismus-niedersachsen.de\/index.php?rest_route=\/wp\/v2\/pages"}],"about":[{"href":"https:\/\/www.autismus-niedersachsen.de\/index.php?rest_route=\/wp\/v2\/types\/page"}],"author":[{"embeddable":true,"href":"https:\/\/www.autismus-niedersachsen.de\/index.php?rest_route=\/wp\/v2\/users\/1"}],"replies":[{"embeddable":true,"href":"https:\/\/www.autismus-niedersachsen.de\/index.php?rest_route=%2Fwp%2Fv2%2Fcomments&post=282"}],"version-history":[{"count":4,"href":"https:\/\/www.autismus-niedersachsen.de\/index.php?rest_route=\/wp\/v2\/pages\/282\/revisions"}],"predecessor-version":[{"id":1216,"href":"https:\/\/www.autismus-niedersachsen.de\/index.php?rest_route=\/wp\/v2\/pages\/282\/revisions\/1216"}],"up":[{"embeddable":true,"href":"https:\/\/www.autismus-niedersachsen.de\/index.php?rest_route=\/wp\/v2\/pages\/36"}],"wp:attachment":[{"href":"https:\/\/www.autismus-niedersachsen.de\/index.php?rest_route=%2Fwp%2Fv2%2Fmedia&parent=282"}],"curies":[{"name":"wp","href":"https:\/\/api.w.org\/{rel}","templated":true}]}}