{"id":314,"date":"2015-03-10T17:23:54","date_gmt":"2015-03-10T15:23:54","guid":{"rendered":"http:\/\/www.autismus-niedersachsen.de\/?page_id=314"},"modified":"2016-04-18T19:48:02","modified_gmt":"2016-04-18T17:48:02","slug":"verhaltenstherapeuten","status":"publish","type":"page","link":"https:\/\/www.autismus-niedersachsen.de\/?page_id=314","title":{"rendered":"Verhaltenstherapeuten"},"content":{"rendered":"<p>Die hier aufgef\u00fchrten Angebote stellen keine Empfehlungen der LAG Autismus Niedersachsen dar. Die Aufz\u00e4hlung erhebt nicht\u00a0 den Anspruch auf Vollst\u00e4ndigkeit.<\/p>\n<p>&nbsp;<\/p>\n<p>M.A. Katrin Ru\u00df<br \/>\nKinder- und Jugendlichenpsychotherapeutin<br \/>\n(Verhaltenstherapie)<br \/>\nSeelhorststra\u00dfe 53<br \/>\n30175 Hannover (Zooviertel)<br \/>\nTel.: 0511 6 40 65 14 (ggf. AB)<br \/>\n<a href=\"http:\/\/www.kitz-hannover.de\">www.kitz-hannover.de<\/a><\/p>\n<p>&nbsp;<\/p>\n<p>AVT (Autismus-spezifische VerhaltensTherapie)<br \/>\nPraxis Dr. Vera Bernard-Opitz<br \/>\nSohldfeld 110<br \/>\n31139 Hildesheim<br \/>\nVerhaltenstherapeutin, BCBA-D<br \/>\nTel: 05121-268103<br \/>\n<a href=\"http:\/\/www.verabernard.de\">www.verabernard.de<\/a><\/p>\n<p>&nbsp;<\/p>\n<p><strong>Wo finden Sie weitere Verhaltenstherapeuten?<\/strong><\/p>\n<p>Fragen Sie bei Ihrer Krankenkasse<\/p>\n<p>oder der <a href=\"http:\/\/www.kvn.de\">Kassen\u00e4rztlichen Vereinigung<\/a> Ihres Bezirkes nach.<\/p>\n<p><strong><br \/>\nKassen\u00e4rztliche Vereinigung<\/strong><\/p>\n<p>Bezirksstelle Aurich, Kirchstra\u00dfe 7-13, 26603 Aurich, Tel.: 04941 6008-0<\/p>\n<p>Bezirksstelle Braunschweig, An der Petrikirche 1, 38100 Braunschweig, Tel.: 0531 24140<\/p>\n<p>Bezirksstelle G\u00f6ttingen, Elbinger Str. 2, 37083 G\u00f6ttingen, Tel.: 0551 707090<\/p>\n<p>Bezirksstelle Hannover, Berliner Allee 20, 30175 Hannover, Tel: 0511 380-04<\/p>\n<p>Bezirksstelle Hildesheim, Kaiserstr. 25, 31134 Hildesheim, Tel: 05121 1601-0<\/p>\n<p>Bezirksstelle L\u00fcneburg, J\u00e4gerstr. 5, 21339 L\u00fcneburg, Tel: 04131 676-0<\/p>\n<p>Bezirksstelle Oldenburg, Huntestr. 14, 26135 Oldenburg, Tel: 0441 21006-0<\/p>\n<p>Bezirksstelle Osnabr\u00fcck, An der Blankenburg 64, 49078 Osnabr\u00fcck, Tel: 0541 9498-0<\/p>\n<p>Bezirksstelle Stade, Gl\u00fcckst\u00e4dter Stra\u00dfe 8, 21682 Stade, Tel: 04141 4000-0<\/p>\n<p>Bezirksstelle Verden, Am Allerufer 7, 27283 Verden, Tel: 04231 975-0<\/p>\n<p>Bezirksstelle Wilhelmshaven, Kirchreihe 17, 26384 Wilhelmshaven, Tel: 04421 9386-0<\/p>\n","protected":false},"excerpt":{"rendered":"<p>Die hier aufgef\u00fchrten Angebote stellen keine Empfehlungen der LAG Autismus Niedersachsen dar. Die Aufz\u00e4hlung erhebt nicht\u00a0 den Anspruch auf Vollst\u00e4ndigkeit. &nbsp; M.A. Katrin Ru\u00df Kinder- und Jugendlichenpsychotherapeutin (Verhaltenstherapie) Seelhorststra\u00dfe 53 30175 Hannover (Zooviertel) Tel.: 0511 6 40 65 14 (ggf. AB) www.kitz-hannover.de &nbsp; AVT (Autismus-spezifische VerhaltensTherapie) Praxis Dr. Vera Bernard-Opitz<\/p>\n","protected":false},"author":1,"featured_media":0,"parent":42,"menu_order":2,"comment_status":"closed","ping_status":"closed","template":"","meta":{"footnotes":"","_links_to":"","_links_to_target":""},"class_list":["post-314","page","type-page","status-publish","hentry"],"_links":{"self":[{"href":"https:\/\/www.autismus-niedersachsen.de\/index.php?rest_route=\/wp\/v2\/pages\/314","targetHints":{"allow":["GET"]}}],"collection":[{"href":"https:\/\/www.autismus-niedersachsen.de\/index.php?rest_route=\/wp\/v2\/pages"}],"about":[{"href":"https:\/\/www.autismus-niedersachsen.de\/index.php?rest_route=\/wp\/v2\/types\/page"}],"author":[{"embeddable":true,"href":"https:\/\/www.autismus-niedersachsen.de\/index.php?rest_route=\/wp\/v2\/users\/1"}],"replies":[{"embeddable":true,"href":"https:\/\/www.autismus-niedersachsen.de\/index.php?rest_route=%2Fwp%2Fv2%2Fcomments&post=314"}],"version-history":[{"count":0,"href":"https:\/\/www.autismus-niedersachsen.de\/index.php?rest_route=\/wp\/v2\/pages\/314\/revisions"}],"up":[{"embeddable":true,"href":"https:\/\/www.autismus-niedersachsen.de\/index.php?rest_route=\/wp\/v2\/pages\/42"}],"wp:attachment":[{"href":"https:\/\/www.autismus-niedersachsen.de\/index.php?rest_route=%2Fwp%2Fv2%2Fmedia&parent=314"}],"curies":[{"name":"wp","href":"https:\/\/api.w.org\/{rel}","templated":true}]}}