{"id":317,"date":"2015-03-10T17:34:15","date_gmt":"2015-03-10T15:34:15","guid":{"rendered":"http:\/\/www.autismus-niedersachsen.de\/?page_id=317"},"modified":"2026-02-12T20:32:56","modified_gmt":"2026-02-12T18:32:56","slug":"therapieangebote","status":"publish","type":"page","link":"https:\/\/www.autismus-niedersachsen.de\/?page_id=317","title":{"rendered":"Therapieangebote"},"content":{"rendered":"<p><strong>Therapieangebote<br \/>\nWo finden Sie ein Therapieangebot f\u00fcr Ihr Kind?<br \/>\n<\/strong><br \/>\nEine Stellungnahme des Nieders\u00e4chsischen Ministeriums f\u00fcr Soziales, Frauen, Familie, Gesundheit und Integration zur Situation der Therapieangebote finden Sie in der <a href=\"http:\/\/www.autismus-niedersachsen.de\/wp-content\/uploads\/2015\/11\/DS-16.3824.pdf\">Landtagsdrucksache 16\/3824<\/a>.<\/p>\n<p>&nbsp;<\/p>\n<p>Die hier aufgef\u00fchrten Einrichtungen sind nach PLZ sortiert und stellen keine Empfehlungen der LAG Autismus Niedersachsen dar. Die Aufz\u00e4hlung erhebt nicht\u00a0 den Anspruch auf Vollst\u00e4ndigkeit.<\/p>\n<p>&nbsp;<\/p>\n<p><strong>21335 L\u00fcneburg<br \/>\n<\/strong>Autismus Ambulanz L\u00fcneburg<br \/>\nAu\u00dfenstelle des Hamburger Autismus Instituts<br \/>\nLessingstra\u00dfe 1<br \/>\n21335 L\u00fcneburg<br \/>\nTel.: 04131 2235130<br \/>\n<a href=\"http:\/\/www.autismus-hamburg.de\">www.autismus-hamburg.de<\/a><\/p>\n<p>&nbsp;<\/p>\n<p><strong>21684 Stade<br \/>\n<\/strong>DIE B\u00d6RNE<br \/>\nAutismus Therapiezentrum<br \/>\nBei der B\u00f6rne 15<br \/>\n21684 Stade<br \/>\nTel.: 04141 400310<br \/>\n<a href=\"http:\/\/www.dieboerne.de\/autismus-therapie.htm\">www.dieboerne.de<\/a><\/p>\n<p>&nbsp;<\/p>\n<p><strong>22297 Hamburg<br \/>\n<\/strong>Hamburger Autismus Institut<br \/>\nBebelallee 141<br \/>\n22297 Hamburg<br \/>\nTel.: 040 5116825<br \/>\n<a href=\"http:\/\/www.autismus-hamburg.de\">www.autismus-hamburg.de<\/a><\/p>\n<p>&nbsp;<\/p>\n<p><strong>26133 Oldenburg<br \/>\n<\/strong>Autismus Therapie Zentrum<br \/>\nM\u00fcnnichstra\u00dfe 109<br \/>\n26133 Oldenburg<br \/>\nTel.: 0441 9833265<br \/>\n<a href=\"http:\/\/www.autismus-weser-ems.de\">www.autismus-weser-ems.de<\/a><\/p>\n<p>&nbsp;<\/p>\n<p><strong>26382 Wilhelmshaven<br \/>\n<\/strong>Autismus Therapie Zentrum<br \/>\nMarktstr. 1<br \/>\n26382 Wilhelmshaven<br \/>\nTel.: 04421 749808<br \/>\n<a href=\"http:\/\/www.gemeinsam-unterstuetzen.de\/\">www.gemeinsam-unterstuetzen.de\/&#8230;\/<\/a><\/p>\n<p>&nbsp;<\/p>\n<p><strong>21614 Buxtehude<\/strong><br \/>\nLebenshilfe Buxtehude e.V.<br \/>\nAutismus Ambulanz<br \/>\nOrchideenstr. 51<br \/>\n21614 Buxtehude<br \/>\nTel: 04161\/7430-550<br \/>\n<a href=\"https:\/\/www.lebenshilfe-buxtehude.de\/angebote\/autismusambulanz\">www.lebenshilfe-buxtehude.de\/&#8230;\/<\/a><\/p>\n<p>&nbsp;<\/p>\n<p><strong>26721 Emden<br \/>\n<\/strong>Autismus Therapie Zentrum<br \/>\nAuricher Stra\u00dfe 81<br \/>\n26721 Emden<br \/>\nTel.: 04921 2 90 92<br \/>\n<a href=\"http:\/\/www.autismus-weser-ems.de\">www.autismus-weser-ems.de<\/a><\/p>\n<p>&nbsp;<\/p>\n<p><strong>27321 Thedinghausen<br \/>\n<\/strong>Praxis f\u00fcr Autismustherapie<br \/>\nMaren Heyer<br \/>\nHeilpraktikerin (Psychotherapie)<br \/>\nH\u00e4gerstra\u00dfe 7<br \/>\n27321 Thedinghausen<br \/>\nTel.: 04204 2470340<br \/>\n<a href=\"http:\/\/www.autismus-neo.de\">www.autismus-neo.de<\/a><\/p>\n<p>&nbsp;<\/p>\n<p><strong>27356 Rotenburg (W\u00fcmme)<\/strong><br \/>\nAutismus-Ambulanz der Lebenshilfe Rotenburg-Verden gemeinn\u00fctzige GmbH<br \/>\nBereich Kinder &amp; Familie<br \/>\nWittorfer Stra\u00dfe 5-7<br \/>\n27356 Rotenburg (W\u00fcmme)<br \/>\nTel.: 04261 816990<br \/>\nAnsprechpartnerin: Lena von L\u00fcbcke<br \/>\n<a href=\"http:\/\/www.LhRowVer.de\">www.LhRowVer.de<\/a><\/p>\n<p>&nbsp;<\/p>\n<p><strong>27446 Selsingen<\/strong><br \/>\nAutismus-Ambulanz der Lebenshilfe Walsrode e.V. im Verbund mit der<br \/>\nLebenshilfe f\u00fcr Menschen mit Behinderungen Bremerv\u00f6rde\/Zeven gGmbH<br \/>\nHauptstra\u00dfe 63<br \/>\n27446 Selsingen<br \/>\nTel.: 04284 930030<br \/>\nAnsprechpartnerin : Marlies Gresens<br \/>\n<a href=\"http:\/\/www.lebenshilfe-bremervoerde.de\">www.lebenshilfe-bremervoerde.de<\/a><\/p>\n<p>&nbsp;<\/p>\n<p><strong>27574 Bremerhaven<br \/>\n<\/strong>Autismus Therapie Zentrum Bremerhaven<br \/>\nHilfe f\u00fcr das autistische Kind Bremen e.V.<br \/>\nFriedrich-Ebert-Str. 33<br \/>\n27570 Bremerhaven<br \/>\nTel.: 0471 95158100<br \/>\n<a href=\"http:\/\/www.atz-bremerhaven.de\">www.atz-bremerhaven.de<\/a><\/p>\n<p>&nbsp;<\/p>\n<p><strong>28757 Bremen<br \/>\n<\/strong>Autismus Therapie Zentrum Bremen<br \/>\nHilfe f\u00fcr das autistische Kind Bremen e.V.<br \/>\nClamersdorfer Stra\u00dfe 47<br \/>\n28757 Bremen<br \/>\nTel. 0421 625606<br \/>\n<a href=\"http:\/\/www.autismus-bremen.de\">www.autismus-bremen.de<\/a><\/p>\n<p>&nbsp;<\/p>\n<p><strong>29614 Soltau<\/strong><\/p>\n<p>Autismus-Ambulanz der Lebenshilfe Walsrode e.V. im Verbund mit der<br \/>\nLebenshilfe Soltau e.V.<br \/>\nCeller Stra\u00dfe 167<br \/>\n29614 Soltau<br \/>\nTel.: 05191 985614<br \/>\nAnsprechpartnerin: Mali Spencer<br \/>\n<a href=\"http:\/\/www.lebenshilfe-soltau.de\">www.lebenshilfe-soltau.de<\/a><\/p>\n<p>&nbsp;<\/p>\n<p><strong>29664 Walsrode<\/strong><\/p>\n<p>Autismus-Ambulanz der Lebenshilfe Walsrode e.V.<br \/>\nVon-Stoltzenberg-Stra\u00dfe 11<br \/>\n29664 Walsrode<br \/>\nTel.: 05161 9494 30<br \/>\n<a href=\"http:\/\/www.lebenshilfe-walsrode.de\">www.lebenshilfe-walsrode.de<\/a><\/p>\n<p>&nbsp;<\/p>\n<p><strong>30165 Hannover<br \/>\n<\/strong>Ambulanz f\u00fcr autistische Menschen<br \/>\nHTF\/FIAM e.V.<br \/>\nVahrenwaldstr. 195 a<br \/>\n30165 Hannover<br \/>\nTel.: 0511 3749986<br \/>\n<a href=\"http:\/\/www.htf-online.de\/\">www.htf-online.de<\/a><\/p>\n<p>&nbsp;<\/p>\n<p><strong>30169 Hannover<br \/>\n<\/strong>Praxis Wandelstern<br \/>\nJosephin Lorenz<br \/>\npsychoanalytische Kunsttherapeutin<br \/>\nHeilpraktikerin eingeschr\u00e4nkt auf das Gebiet der Psychotherapie<br \/>\nDipl. Designerin<br \/>\nMaschstra\u00dfe 20<br \/>\n30169 Hannover<br \/>\nTel.: 0511\u00a0844 34 49<br \/>\n<a href=\"http:\/\/www.praxis-wandelstern.de\">www.praxis-wandelstern.de<\/a><\/p>\n<p>&nbsp;<\/p>\n<p><strong>30559 Hannover<br \/>\n<\/strong>Therapiezentrum f\u00fcr autistische Kinder gGmbH<br \/>\nBremeroder Stra\u00dfe 8<br \/>\n30559 Hannover<br \/>\nTel.: 0511\u00a090 57 90 0<br \/>\n<a href=\"http:\/\/www.gib-hannover.de\/autismus-zentrum\">www.thz-autismus.de<\/a><\/p>\n<p>&nbsp;<\/p>\n<p><strong>30559 Hannover<br \/>\n<\/strong>Pro School<br \/>\nAutismus-Ambulanz Hannover<br \/>\nLehrter Str. 53<br \/>\n30559 Hannover<br \/>\nTel.: 0511 5422 8156<br \/>\n<a href=\"http:\/\/www.pro-school.de\/\">www.pro-school.de<\/a><\/p>\n<p>Auch Standorte in<br \/>\n30938 Burgwedel\/Engensen<br \/>\n30826 Garbsen-Heitlingen<\/p>\n<p>&nbsp;<\/p>\n<p><strong>31061 Alfeld (Leine)<\/strong><br \/>\nAutismus-Ambulanz der Lebenshilfe Alfeld e.V.<br \/>\nAlbert-Schweizer-Str. 70 (im Haus der KiTa Farbenw\u00fcrfel)<br \/>\n31061 Alfeld<br \/>\nTel.: 05181 806 88 28<\/p>\n<p><a href=\"http:\/\/www.lebenshilfe-alfeld.de\">www.lebenshilfe-alfeld.de<\/a><\/p>\n<p>&nbsp;<\/p>\n<p><strong>31137 Hildesheim<\/strong><\/p>\n<p>AutHilde Diederich und T\u00f6dter GbR<br \/>\nGodehardistra\u00dfe 15<br \/>\n31137 Hildesheim<br \/>\nTel.: 05121\u00a0 9 35 81 93<br \/>\n<a href=\"http:\/\/www.authilde.de\">www.authilde.de<\/a><\/p>\n<p>&nbsp;<\/p>\n<p><strong>31171 Nordstemmen<\/strong><br \/>\nAutismus Ambulanz Hildesheim<br \/>\nGronauer Str.41<br \/>\n31171 Nordstemmen OT Heyersum<br \/>\nTel.: 05069\u00a0 51 65 53<br \/>\n<a href=\"http:\/\/www.authilde.de\">www.authilde.de<\/a><\/p>\n<p>&nbsp;<\/p>\n<p><strong>31185 S\u00f6hlde<\/strong><br \/>\nAutismus Ambulanz Hildesheim<br \/>\nM\u00fchlengasse 4<br \/>\n31185 S\u00f6hlde OT Nettlingen<br \/>\nTel.: 05123\u00a0 40 96 62<br \/>\n<a href=\"http:\/\/www.authilde.de\">www.authilde.de<\/a><\/p>\n<p>&nbsp;<\/p>\n<p><strong>31528 Nienburg<\/strong><br \/>\nAutismus-Ambulanz der Lebenshilfe Nienburg gemeinn\u00fctzige GmbH<br \/>\nc\/o Offene Hilfen<br \/>\nBerliner Ring 96<br \/>\n31528 Nienburg<br \/>\nTel.: 05021 607698-4<br \/>\n<a href=\"http:\/\/www.lebenshilfe-nienburg.de\/\">www.lebenshilfe-nienburg.de<\/a><\/p>\n<p>&nbsp;<\/p>\n<p><strong>31655 Stadthagen<\/strong><br \/>\nParit\u00e4tische Lebenshilfe Schaumburg-Weserbergland GmbH<br \/>\nAmbulanz f\u00fcr autistische Kinder und Jugendliche<br \/>\nEnzer Stra\u00dfe 50<br \/>\n31655 Stadthagen<br \/>\nTel.: 05721 890253-677<br \/>\n<a href=\"http:\/\/www.paritaetische-lebenshilfe.de\">www.paritaetische-lebenshilfe.de<\/a><\/p>\n<p>&nbsp;<\/p>\n<p><strong>31785 Hameln<\/strong><br \/>\nLebenshilfe Hameln e. V.<br \/>\nHermannstr. 1<br \/>\n31785 Hameln<br \/>\nTel.: 05151 959712<br \/>\n<a href=\"http:\/\/www.lebenshilfe-hameln.de\">www.lebenshilfe-hameln.de<\/a><\/p>\n<p>&nbsp;<\/p>\n<p><strong>37075 G\u00f6ttingen<\/strong><br \/>\nABA-Praxis<br \/>\nMareike Overhof<br \/>\nPastor-Sander-Bogen 57<br \/>\n37083 G\u00f6ttingen<br \/>\nTel.: 0551-63453529<br \/>\n<a href=\"http:\/\/www.aba-praxis.de\/\">www.aba-praxis.de<\/a><\/p>\n<p>&nbsp;<\/p>\n<p>Autismus Therapie Zentrum<br \/>\nWeender Landstr. 59<br \/>\n37075 G\u00f6ttingen<br \/>\nTel.: 0551 46193<br \/>\n<a href=\"http:\/\/www.autismus-goettingen.de\">www.autismus-goettingen.de<\/a><\/p>\n<p>&nbsp;<\/p>\n<p><strong>38118 Braunschweig<br \/>\n<\/strong>Autismusambulanz der Lebenshilfe Braunschweig gGmbH<br \/>\nHasenwinkel 3<br \/>\n38114 Braunschweig<br \/>\nTel.: 0531 4719492<br \/>\n<a href=\"http:\/\/www.lebenshilfe-braunschweig.de\/index.php?id=38\">www.lebenshilfe-braunschweig.de<\/a><\/p>\n<p><strong>\u00a0<\/strong><\/p>\n<p><strong>38302 Wolfenb\u00fcttel<\/strong><\/p>\n<p>DRK Kreisverband Wolfenb\u00fcttel e. V.<br \/>\nIntegrations- und Therapiezentrum (ITZ)<br \/>\nAutismusambulanz<br \/>\nAm Exer 19a<br \/>\n38302 Wolfenb\u00fcttel<br \/>\nTel.: 05331 927 847 74<br \/>\n<a href=\"http:\/\/www.itz-drk.de\">www.itz-drk.de<\/a><\/p>\n<p>&nbsp;<\/p>\n<p><strong>38442 Wolfsburg<\/strong><br \/>\nAutismus Therapie- und Beratungszentrum<br \/>\nAn der Grandkuhle 8<br \/>\n38442 Wolfsburg<br \/>\nTel.: 05362 500667<br \/>\n<a href=\"http:\/\/www.autismus-wolfsburg.de\">www.autismus-wolfsburg.de<\/a><\/p>\n<p>&nbsp;<\/p>\n<p><strong>49074 Osnab\u00fcck<\/strong><br \/>\nAutismus Therapie Zentrum<br \/>\nGoethring 22-24<br \/>\n49074 Osnabr\u00fcck<br \/>\nTel.: 0541 29889<br \/>\n<a href=\"http:\/\/www.autismus-osnabrueck.de\">www.autismus-osnabrueck.de<\/a><\/p>\n<p>&nbsp;<\/p>\n<p><strong>49356 Diepholz<\/strong><br \/>\nAutismus Therapie Zentrum<br \/>\nHph Bersenbr\u00fcck<br \/>\nVossen Reitweg 9<br \/>\n49356 Diepholz<br \/>\nTel.: 05441 9299628<br \/>\n<a href=\"http:\/\/www.hph-bsb.de\">www.hph-bsb.de<\/a><\/p>\n<p>&nbsp;<\/p>\n<p><strong>49593 Bersenbr\u00fcck<\/strong><br \/>\nAutismus Therapie Zentrum<br \/>\nHph Bersenbr\u00fcck<br \/>\nAm Holzplatz 2<br \/>\n49593 Bersenbr\u00fcck<br \/>\nTel.: 05439 94690<br \/>\n<a href=\"http:\/\/www.hph-bsb.de\">www.hph-bsb.de<\/a><\/p>\n<p>&nbsp;<\/p>\n<p><strong>49716 Meppen<\/strong><br \/>\nAutismus Therapie Zentrum<br \/>\nH\u00fcttenstr. 9<br \/>\n49716 Meppen<br \/>\nTel.: 05931 2472<br \/>\n<a href=\"http:\/\/www.autismus-weser-ems.de\">www.autismus-weser-ems.de<\/a><\/p>\n<p>&nbsp;<\/p>\n","protected":false},"excerpt":{"rendered":"<p>Therapieangebote Wo finden Sie ein Therapieangebot f\u00fcr Ihr Kind? Eine Stellungnahme des Nieders\u00e4chsischen Ministeriums f\u00fcr Soziales, Frauen, Familie, Gesundheit und Integration zur Situation der Therapieangebote finden Sie in der Landtagsdrucksache 16\/3824. &nbsp; Die hier aufgef\u00fchrten Einrichtungen sind nach PLZ sortiert und stellen keine Empfehlungen der LAG Autismus Niedersachsen dar. Die<\/p>\n","protected":false},"author":1,"featured_media":0,"parent":42,"menu_order":2,"comment_status":"closed","ping_status":"closed","template":"","meta":{"footnotes":"","_links_to":"","_links_to_target":""},"class_list":["post-317","page","type-page","status-publish","hentry"],"_links":{"self":[{"href":"https:\/\/www.autismus-niedersachsen.de\/index.php?rest_route=\/wp\/v2\/pages\/317","targetHints":{"allow":["GET"]}}],"collection":[{"href":"https:\/\/www.autismus-niedersachsen.de\/index.php?rest_route=\/wp\/v2\/pages"}],"about":[{"href":"https:\/\/www.autismus-niedersachsen.de\/index.php?rest_route=\/wp\/v2\/types\/page"}],"author":[{"embeddable":true,"href":"https:\/\/www.autismus-niedersachsen.de\/index.php?rest_route=\/wp\/v2\/users\/1"}],"replies":[{"embeddable":true,"href":"https:\/\/www.autismus-niedersachsen.de\/index.php?rest_route=%2Fwp%2Fv2%2Fcomments&post=317"}],"version-history":[{"count":7,"href":"https:\/\/www.autismus-niedersachsen.de\/index.php?rest_route=\/wp\/v2\/pages\/317\/revisions"}],"predecessor-version":[{"id":1425,"href":"https:\/\/www.autismus-niedersachsen.de\/index.php?rest_route=\/wp\/v2\/pages\/317\/revisions\/1425"}],"up":[{"embeddable":true,"href":"https:\/\/www.autismus-niedersachsen.de\/index.php?rest_route=\/wp\/v2\/pages\/42"}],"wp:attachment":[{"href":"https:\/\/www.autismus-niedersachsen.de\/index.php?rest_route=%2Fwp%2Fv2%2Fmedia&parent=317"}],"curies":[{"name":"wp","href":"https:\/\/api.w.org\/{rel}","templated":true}]}}