{"id":322,"date":"2015-03-10T17:45:38","date_gmt":"2015-03-10T15:45:38","guid":{"rendered":"http:\/\/www.autismus-niedersachsen.de\/?page_id=322"},"modified":"2017-01-30T12:30:23","modified_gmt":"2017-01-30T10:30:23","slug":"termine","status":"publish","type":"page","link":"https:\/\/www.autismus-niedersachsen.de\/?page_id=322","title":{"rendered":"Termine der Arbeitsgruppe"},"content":{"rendered":"<p><strong>Die AG Therapie tagt zurzeit nicht.<\/strong><\/p>\n<p>&nbsp;<\/p>\n<p><strong>11. Sitzung der Projektgruppe &#8222;Therapie\/Fr\u00fchf\u00f6rderung\/Kindergarten&#8220;\u00a0<\/strong><\/p>\n<p>Datum: Mittwoch, 19.10.2016 Uhrzeit 16-19 Uhr<br \/>\nOrt: Autismuszentrum Hannover<br \/>\nBemeroder Stra\u00dfe 8, 30559 Hannover-Bothfeld<\/p>\n<p>Thema: Noch nicht festgelegt<\/p>\n<p>&nbsp;<\/p>\n<p><strong>10. Sitzung der Projektgruppe &#8222;Therapie\/Fr\u00fchf\u00f6rderung\/Kindergarten&#8220;\u00a0<\/strong><\/p>\n<p>Datum: Mittwoch, 13.4.2016 Uhrzeit 16-19 Uhr<br \/>\nOrt: Autismuszentrum Hannover<br \/>\nBemeroder Stra\u00dfe 8, 30559 Hannover-Bothfeld<\/p>\n<p>Thema: Allgemeiner Austausch zu Rahmenbedingungen der Arbeit (Therapien allgemein, Therapiesetting, Kosten\u00fcbernahmen und deren Rechtsgrundlagen u.\u00e4.)<\/p>\n<p>&nbsp;<\/p>\n<p><strong>9. Sitzung der Projektgruppe &#8222;Therapie\/Fr\u00fchf\u00f6rderung\/Kindergarten&#8220;\u00a0<\/strong><\/p>\n<p>Datum: Mittwoch, 21.10.2015 Uhrzeit 16-19 Uhr<br \/>\nOrt: Autismuszentrum Hannover<br \/>\nBemeroder Stra\u00dfe 8, 30559 Hannover-Bothfeld<\/p>\n<p>Thema: Das Taktkin-Konzept, ein logop\u00e4discher Therapieansatz zur Behandlung sprechmotorischer St\u00f6rungen wie Dysarthrien und Sprechapraxien im Kindes- und Erwachsenenalter. Der Ansatz basiert auf dem in Amerika entwickelten Prompt-System. Frau G\u00f6rke-Vorwerg, praktizierende Logop\u00e4din, wird das Thema mit einer kleinen Pr\u00e4sentation vorstellen.<\/p>\n<p>&nbsp;<\/p>\n<p><strong>8. Sitzung der Projektgruppe &#8222;Therapie\/Fr\u00fchf\u00f6rderung\/Kindergarten&#8220;\u00a0<\/strong><\/p>\n<p>Datum: Mittwoch, 19.11.2014 Uhrzeit 16-19 Uhr<br \/>\nOrt: Therapiezentrum f\u00fcr autistische Kinder<br \/>\nBemeroder Stra\u00dfe 8, 30559 Hannover-Bothfeld<\/p>\n<p>Thema: Einsatz von elektronischen Sprachausgabeger\u00e4ten als Kommunikationshilfe in der Arbeit mit Kindern mit ASS (Sonderp\u00e4dagoge und Sprachtherapeut Herr Alen Zarifovic)<\/p>\n<p>&nbsp;<\/p>\n<p><strong>7. Sitzung der Projektgruppe &#8222;Therapie\/Fr\u00fchf\u00f6rderung\/Kindergarten&#8220;\u00a0<\/strong><\/p>\n<p>Datum: Mittwoch, 21.05.2014 Uhrzeit 16-19 Uhr<br \/>\nOrt: AutHilde, Godehardstra\u00dfe 15, 31137 Hildesheim<\/p>\n<p>Thema: ABA und AVT (Frau Dr. Bernard-Opitz)<\/p>\n<p>&nbsp;<\/p>\n<p><strong>6. Sitzung der Projektgruppe &#8222;Therapie\/Fr\u00fchf\u00f6rderung\/Kindergarten&#8220;\u00a0<\/strong><\/p>\n<p>Datum: Mittwoch, 06.11.2013 Uhrzeit 16-18 Uhr<br \/>\nOrt: Therapiezentrum f\u00fcr autistische Kinder<br \/>\nBemeroder Stra\u00dfe 8, 30559 Hannover-Bothfeld<\/p>\n<p>Thema: Vorstellung der Arbeit der kunsttherapeutischen Praxis \u201eWandelstern\u201c<\/p>\n<p>&nbsp;<\/p>\n<p><strong>5. Sitzung der Projektgruppe &#8222;Therapie\/Fr\u00fchf\u00f6rderung\/Kindergarten&#8220;\u00a0<\/strong><\/p>\n<p>Veranstaltungsort &#8211; Achtung ver\u00e4ndert!<br \/>\nDatum: Mittwoch, 05.06.2013 Uhrzeit 16-18 Uhr<br \/>\nOrt: Therapiezentrum f\u00fcr autistische Kinder<br \/>\nBemeroder Stra\u00dfe 8, 30559 Hannover-Bothfeld<\/p>\n<p>Thema: Vorstellung des Reha-Konzepts von \u201eLavie\u201c K\u00f6nigslutter (Frau Kaschefski)<\/p>\n<p>&nbsp;<\/p>\n<p><strong>4. Sitzung der Projektgruppe &#8222;Therapie\/Fr\u00fchf\u00f6rderung\/Kindergarten&#8220;\u00a0<\/strong><\/p>\n<p>Datum: Mittwoch, 23.01.2013 Uhrzeit 16-19 Uhr<br \/>\nOrt: GiB (gem. Gesellschaft f\u00fcr integrative Behindertenarbeit),<br \/>\nKonferenzraum (Dachgeschoss) &#8211; Prinz-Albrecht-Ring 63a, 30657 Hannover-Bothfeld<\/p>\n<p>Thema: Marte-Meo Arbeit im Autismus Therapie Zentrum Osnabr\u00fcck (Herr Rickert-Bolg)<\/p>\n<p>&nbsp;<\/p>\n<p><strong>3. Sitzung der Projektgruppe &#8222;Therapie\/Fr\u00fchf\u00f6rderung\/Kindergarten&#8220;\u00a0<\/strong><\/p>\n<p>Datum: Mittwoch, 12.09.2012 Uhrzeit 16-19 Uhr<br \/>\nOrt: GiB (gem. Gesellschaft f\u00fcr integrative Behindertenarbeit),<br \/>\nKonferenzraum (Dachgeschoss) &#8211; Prinz-Albrecht-Ring 63a, 30657 Hannover-Bothfeld<\/p>\n<p>Thema: Vorstellung des AVT-Angebots im Kindergarten des Therapiezentrums Hannover (Frau Andrea Sewing)<\/p>\n<p>&nbsp;<\/p>\n<p><strong>2. Sitzung der Projektgruppe &#8222;Therapie\/Fr\u00fchf\u00f6rderung\/Kindergarten&#8220;\u00a0<\/strong><\/p>\n<p>Datum: Mittwoch, 07.03.2012 Uhrzeit 16-19 Uhr<br \/>\nOrt: GiB (gem. Gesellschaft f\u00fcr integrative Behindertenarbeit),<br \/>\nKonferenzraum (Dachgeschoss) &#8211; Prinz-Albrecht-Ring 63a, 30657 Hannover-Bothfeld<\/p>\n<p>Thema: TEACCH, eine Einf\u00fchrung (Frau Franziska Helle) und ABA mit VB, eine Einf\u00fchrung (Frau Mareike Overhof, Benno Boeckh)<br \/>\n<a href=\"http:\/\/www.autismus-niedersachsen.de\/wp-content\/uploads\/2015\/03\/Einladung-Projektgruppe-Therapie-02.pdf\">Einladung Projektgruppe Therapie 02<\/a><\/p>\n<p>&nbsp;<\/p>\n<p><strong>1. Sitzung der Projektgruppe &#8222;Therapie\/Fr\u00fchf\u00f6rderung\/Kindergarten&#8220;\u00a0<\/strong><\/p>\n<p>Datum: Mittwoch, 02.11.2011 Uhrzeit 16-19 Uhr<br \/>\nOrt: GiB (gem. Gesellschaft f\u00fcr integrative Behindertenarbeit),<br \/>\nKonferenzraum (Dachgeschoss) &#8211; Prinz-Albrecht-Ring 63a, 30657 Hannover-Bothfeld<\/p>\n<p>Konstituierung der Projektgruppe<br \/>\n<a href=\"http:\/\/www.autismus-niedersachsen.de\/wp-content\/uploads\/2015\/03\/Einladung-Projektgruppe-Therapie-01.pdf\">Einladung Projektgruppe Therapie 01<\/a><\/p>\n<p>&nbsp;<\/p>\n","protected":false},"excerpt":{"rendered":"<p>Die AG Therapie tagt zurzeit nicht. &nbsp; 11. Sitzung der Projektgruppe &#8222;Therapie\/Fr\u00fchf\u00f6rderung\/Kindergarten&#8220;\u00a0 Datum: Mittwoch, 19.10.2016 Uhrzeit 16-19 Uhr Ort: Autismuszentrum Hannover Bemeroder Stra\u00dfe 8, 30559 Hannover-Bothfeld Thema: Noch nicht festgelegt &nbsp; 10. Sitzung der Projektgruppe &#8222;Therapie\/Fr\u00fchf\u00f6rderung\/Kindergarten&#8220;\u00a0 Datum: Mittwoch, 13.4.2016 Uhrzeit 16-19 Uhr Ort: Autismuszentrum Hannover Bemeroder Stra\u00dfe 8, 30559 Hannover-Bothfeld<\/p>\n","protected":false},"author":1,"featured_media":0,"parent":42,"menu_order":1,"comment_status":"closed","ping_status":"closed","template":"","meta":{"footnotes":"","_links_to":"","_links_to_target":""},"class_list":["post-322","page","type-page","status-publish","hentry"],"_links":{"self":[{"href":"https:\/\/www.autismus-niedersachsen.de\/index.php?rest_route=\/wp\/v2\/pages\/322","targetHints":{"allow":["GET"]}}],"collection":[{"href":"https:\/\/www.autismus-niedersachsen.de\/index.php?rest_route=\/wp\/v2\/pages"}],"about":[{"href":"https:\/\/www.autismus-niedersachsen.de\/index.php?rest_route=\/wp\/v2\/types\/page"}],"author":[{"embeddable":true,"href":"https:\/\/www.autismus-niedersachsen.de\/index.php?rest_route=\/wp\/v2\/users\/1"}],"replies":[{"embeddable":true,"href":"https:\/\/www.autismus-niedersachsen.de\/index.php?rest_route=%2Fwp%2Fv2%2Fcomments&post=322"}],"version-history":[{"count":0,"href":"https:\/\/www.autismus-niedersachsen.de\/index.php?rest_route=\/wp\/v2\/pages\/322\/revisions"}],"up":[{"embeddable":true,"href":"https:\/\/www.autismus-niedersachsen.de\/index.php?rest_route=\/wp\/v2\/pages\/42"}],"wp:attachment":[{"href":"https:\/\/www.autismus-niedersachsen.de\/index.php?rest_route=%2Fwp%2Fv2%2Fmedia&parent=322"}],"curies":[{"name":"wp","href":"https:\/\/api.w.org\/{rel}","templated":true}]}}

<p><strong>Die AG Therapie tagt zurzeit nicht.</strong></p>
<p>&nbsp;</p>
<p><strong>11. Sitzung der Projektgruppe &#8222;Therapie/Frühförderung/Kindergarten&#8220; </strong></p>
<p>Datum: Mittwoch, 19.10.2016 Uhrzeit 16-19 Uhr<br />
Ort: Autismuszentrum Hannover<br />
Bemeroder Straße 8, 30559 Hannover-Bothfeld</p>
<p>Thema: Noch nicht festgelegt</p>
<p>&nbsp;</p>
<p><strong>10. Sitzung der Projektgruppe &#8222;Therapie/Frühförderung/Kindergarten&#8220; </strong></p>
<p>Datum: Mittwoch, 13.4.2016 Uhrzeit 16-19 Uhr<br />
Ort: Autismuszentrum Hannover<br />
Bemeroder Straße 8, 30559 Hannover-Bothfeld</p>
<p>Thema: Allgemeiner Austausch zu Rahmenbedingungen der Arbeit (Therapien allgemein, Therapiesetting, Kostenübernahmen und deren Rechtsgrundlagen u.ä.)</p>
<p>&nbsp;</p>
<p><strong>9. Sitzung der Projektgruppe &#8222;Therapie/Frühförderung/Kindergarten&#8220; </strong></p>
<p>Datum: Mittwoch, 21.10.2015 Uhrzeit 16-19 Uhr<br />
Ort: Autismuszentrum Hannover<br />
Bemeroder Straße 8, 30559 Hannover-Bothfeld</p>
<p>Thema: Das Taktkin-Konzept, ein logopädischer Therapieansatz zur Behandlung sprechmotorischer Störungen wie Dysarthrien und Sprechapraxien im Kindes- und Erwachsenenalter. Der Ansatz basiert auf dem in Amerika entwickelten Prompt-System. Frau Görke-Vorwerg, praktizierende Logopädin, wird das Thema mit einer kleinen Präsentation vorstellen.</p>
<p>&nbsp;</p>
<p><strong>8. Sitzung der Projektgruppe &#8222;Therapie/Frühförderung/Kindergarten&#8220; </strong></p>
<p>Datum: Mittwoch, 19.11.2014 Uhrzeit 16-19 Uhr<br />
Ort: Therapiezentrum für autistische Kinder<br />
Bemeroder Straße 8, 30559 Hannover-Bothfeld</p>
<p>Thema: Einsatz von elektronischen Sprachausgabegeräten als Kommunikationshilfe in der Arbeit mit Kindern mit ASS (Sonderpädagoge und Sprachtherapeut Herr Alen Zarifovic)</p>
<p>&nbsp;</p>
<p><strong>7. Sitzung der Projektgruppe &#8222;Therapie/Frühförderung/Kindergarten&#8220; </strong></p>
<p>Datum: Mittwoch, 21.05.2014 Uhrzeit 16-19 Uhr<br />
Ort: AutHilde, Godehardstraße 15, 31137 Hildesheim</p>
<p>Thema: ABA und AVT (Frau Dr. Bernard-Opitz)</p>
<p>&nbsp;</p>
<p><strong>6. Sitzung der Projektgruppe &#8222;Therapie/Frühförderung/Kindergarten&#8220; </strong></p>
<p>Datum: Mittwoch, 06.11.2013 Uhrzeit 16-18 Uhr<br />
Ort: Therapiezentrum für autistische Kinder<br />
Bemeroder Straße 8, 30559 Hannover-Bothfeld</p>
<p>Thema: Vorstellung der Arbeit der kunsttherapeutischen Praxis „Wandelstern“</p>
<p>&nbsp;</p>
<p><strong>5. Sitzung der Projektgruppe &#8222;Therapie/Frühförderung/Kindergarten&#8220; </strong></p>
<p>Veranstaltungsort &#8211; Achtung verändert!<br />
Datum: Mittwoch, 05.06.2013 Uhrzeit 16-18 Uhr<br />
Ort: Therapiezentrum für autistische Kinder<br />
Bemeroder Straße 8, 30559 Hannover-Bothfeld</p>
<p>Thema: Vorstellung des Reha-Konzepts von „Lavie“ Königslutter (Frau Kaschefski)</p>
<p>&nbsp;</p>
<p><strong>4. Sitzung der Projektgruppe &#8222;Therapie/Frühförderung/Kindergarten&#8220; </strong></p>
<p>Datum: Mittwoch, 23.01.2013 Uhrzeit 16-19 Uhr<br />
Ort: GiB (gem. Gesellschaft für integrative Behindertenarbeit),<br />
Konferenzraum (Dachgeschoss) &#8211; Prinz-Albrecht-Ring 63a, 30657 Hannover-Bothfeld</p>
<p>Thema: Marte-Meo Arbeit im Autismus Therapie Zentrum Osnabrück (Herr Rickert-Bolg)</p>
<p>&nbsp;</p>
<p><strong>3. Sitzung der Projektgruppe &#8222;Therapie/Frühförderung/Kindergarten&#8220; </strong></p>
<p>Datum: Mittwoch, 12.09.2012 Uhrzeit 16-19 Uhr<br />
Ort: GiB (gem. Gesellschaft für integrative Behindertenarbeit),<br />
Konferenzraum (Dachgeschoss) &#8211; Prinz-Albrecht-Ring 63a, 30657 Hannover-Bothfeld</p>
<p>Thema: Vorstellung des AVT-Angebots im Kindergarten des Therapiezentrums Hannover (Frau Andrea Sewing)</p>
<p>&nbsp;</p>
<p><strong>2. Sitzung der Projektgruppe &#8222;Therapie/Frühförderung/Kindergarten&#8220; </strong></p>
<p>Datum: Mittwoch, 07.03.2012 Uhrzeit 16-19 Uhr<br />
Ort: GiB (gem. Gesellschaft für integrative Behindertenarbeit),<br />
Konferenzraum (Dachgeschoss) &#8211; Prinz-Albrecht-Ring 63a, 30657 Hannover-Bothfeld</p>
<p>Thema: TEACCH, eine Einführung (Frau Franziska Helle) und ABA mit VB, eine Einführung (Frau Mareike Overhof, Benno Boeckh)<br />
<a href="http://www.autismus-niedersachsen.de/wp-content/uploads/2015/03/Einladung-Projektgruppe-Therapie-02.pdf">Einladung Projektgruppe Therapie 02</a></p>
<p>&nbsp;</p>
<p><strong>1. Sitzung der Projektgruppe &#8222;Therapie/Frühförderung/Kindergarten&#8220; </strong></p>
<p>Datum: Mittwoch, 02.11.2011 Uhrzeit 16-19 Uhr<br />
Ort: GiB (gem. Gesellschaft für integrative Behindertenarbeit),<br />
Konferenzraum (Dachgeschoss) &#8211; Prinz-Albrecht-Ring 63a, 30657 Hannover-Bothfeld</p>
<p>Konstituierung der Projektgruppe<br />
<a href="http://www.autismus-niedersachsen.de/wp-content/uploads/2015/03/Einladung-Projektgruppe-Therapie-01.pdf">Einladung Projektgruppe Therapie 01</a></p>
<p>&nbsp;</p>

<p>Die AG Therapie tagt zurzeit nicht. &nbsp; 11. Sitzung der Projektgruppe &#8222;Therapie/Frühförderung/Kindergarten&#8220;  Datum: Mittwoch, 19.10.2016 Uhrzeit 16-19 Uhr Ort: Autismuszentrum Hannover Bemeroder Straße 8, 30559 Hannover-Bothfeld Thema: Noch nicht festgelegt &nbsp; 10. Sitzung der Projektgruppe &#8222;Therapie/Frühförderung/Kindergarten&#8220;  Datum: Mittwoch, 13.4.2016 Uhrzeit 16-19 Uhr Ort: Autismuszentrum Hannover Bemeroder Straße 8, 30559 Hannover-Bothfeld</p>
