{"id":337,"date":"2015-03-10T18:00:03","date_gmt":"2015-03-10T16:00:03","guid":{"rendered":"http:\/\/www.autismus-niedersachsen.de\/?page_id=337"},"modified":"2018-06-17T17:58:55","modified_gmt":"2018-06-17T15:58:55","slug":"kontakt","status":"publish","type":"page","link":"https:\/\/www.autismus-niedersachsen.de\/?page_id=337","title":{"rendered":"Kontakt &#038; Information"},"content":{"rendered":"<p>Eingeladen zur Projektgruppe Diagnostik sind Menschen, die sich beruflich mit der Diagnostik von Autismus-Spektrum-St\u00f6rungen befassen. Ziel ist der fachliche Austausch.<\/p>\n<p>Die Projektgruppe besteht seit 2010. Nach Gr\u00fcndung wurde zun\u00e4chst eine Stellungnahme erarbeitet, die die Grundlagen fachlicher Diagnostik von Autismus-Spektrum-St\u00f6rungen im Kindes- und Jugendalter darstellt (ver\u00f6ffentlicht unter <a href=\"http:\/\/www.autismus-niedersachsen.de\/?page_id=473\">www.autismus-niedersachsen.de\/?page_id=473<\/a>).<\/p>\n<p>Anhand von Fallvorstellungen werden Aspekte der Diagnostik und Differentialdiagnostik gemeinsam diskutiert und fallunabh\u00e4ngig Themen besprochen. Bisher wurden \u201cNeue Diagnosekriterien nach DSM 5 bzw. ICD 11\u2033 und \u201cDiagnostik im Erwachsenenalter\u201d vorgestellt.<\/p>\n<p>Die Treffen finden in Hannover (Autismus-Therapie-Zentrum, Bemeroder Stra\u00dfe 8) statt. Es kommen jeweils etwa 10-20 Teilnehmer aus Niedersachsen und Bremen. Es sind \u00c4rzte, Psychologen und Mitglieder anderer Berufsgruppen aus verschiedenen Einrichtungen und niedergelassenen Praxen vertreten.<\/p>\n<p>Die Themen und Fallvorstellungen werden von den Teilnehmern eingebracht. Bei den Fallvorstellungen findet Videotechnik Anwendung. Die Arbeitsgruppe wird fortgef\u00fchrt solange Bedarf besteht und Raum und Organisation gew\u00e4hrleistet sind.<\/p>\n<p>Die Projektgruppe versteht sich als offene, berufs\u00fcbergreifende, fortlaufende Arbeitsgruppe, mit halbj\u00e4hrlichen Treffen. Neue Teilnehmer sind stets willkommen.<\/p>\n<p>&nbsp;<\/p>\n<p><strong>Ihr Ansprechpartner f\u00fcr die Projektgruppe &#8222;Diagnostik&#8220;:<\/strong><\/p>\n<p>&#8211; Sarah Heidrich-Peters (Praxis Duda, Hildesheim)<\/p>\n<p>&nbsp;<\/p>\n","protected":false},"excerpt":{"rendered":"<p>Eingeladen zur Projektgruppe Diagnostik sind Menschen, die sich beruflich mit der Diagnostik von Autismus-Spektrum-St\u00f6rungen befassen. Ziel ist der fachliche Austausch. Die Projektgruppe besteht seit 2010. Nach Gr\u00fcndung wurde zun\u00e4chst eine Stellungnahme erarbeitet, die die Grundlagen fachlicher Diagnostik von Autismus-Spektrum-St\u00f6rungen im Kindes- und Jugendalter darstellt (ver\u00f6ffentlicht unter www.autismus-niedersachsen.de\/?page_id=473). Anhand von Fallvorstellungen<\/p>\n","protected":false},"author":1,"featured_media":0,"parent":34,"menu_order":1,"comment_status":"closed","ping_status":"closed","template":"","meta":{"footnotes":"","_links_to":"","_links_to_target":""},"class_list":["post-337","page","type-page","status-publish","hentry"],"_links":{"self":[{"href":"https:\/\/www.autismus-niedersachsen.de\/index.php?rest_route=\/wp\/v2\/pages\/337","targetHints":{"allow":["GET"]}}],"collection":[{"href":"https:\/\/www.autismus-niedersachsen.de\/index.php?rest_route=\/wp\/v2\/pages"}],"about":[{"href":"https:\/\/www.autismus-niedersachsen.de\/index.php?rest_route=\/wp\/v2\/types\/page"}],"author":[{"embeddable":true,"href":"https:\/\/www.autismus-niedersachsen.de\/index.php?rest_route=\/wp\/v2\/users\/1"}],"replies":[{"embeddable":true,"href":"https:\/\/www.autismus-niedersachsen.de\/index.php?rest_route=%2Fwp%2Fv2%2Fcomments&post=337"}],"version-history":[{"count":4,"href":"https:\/\/www.autismus-niedersachsen.de\/index.php?rest_route=\/wp\/v2\/pages\/337\/revisions"}],"predecessor-version":[{"id":1191,"href":"https:\/\/www.autismus-niedersachsen.de\/index.php?rest_route=\/wp\/v2\/pages\/337\/revisions\/1191"}],"up":[{"embeddable":true,"href":"https:\/\/www.autismus-niedersachsen.de\/index.php?rest_route=\/wp\/v2\/pages\/34"}],"wp:attachment":[{"href":"https:\/\/www.autismus-niedersachsen.de\/index.php?rest_route=%2Fwp%2Fv2%2Fmedia&parent=337"}],"curies":[{"name":"wp","href":"https:\/\/api.w.org\/{rel}","templated":true}]}}

<p>Eingeladen zur Projektgruppe Diagnostik sind Menschen, die sich beruflich mit der Diagnostik von Autismus-Spektrum-Störungen befassen. Ziel ist der fachliche Austausch.</p>
<p>Die Projektgruppe besteht seit 2010. Nach Gründung wurde zunächst eine Stellungnahme erarbeitet, die die Grundlagen fachlicher Diagnostik von Autismus-Spektrum-Störungen im Kindes- und Jugendalter darstellt (veröffentlicht unter <a href="http://www.autismus-niedersachsen.de/?page_id=473">www.autismus-niedersachsen.de/?page_id=473</a>).</p>
<p>Anhand von Fallvorstellungen werden Aspekte der Diagnostik und Differentialdiagnostik gemeinsam diskutiert und fallunabhängig Themen besprochen. Bisher wurden “Neue Diagnosekriterien nach DSM 5 bzw. ICD 11″ und “Diagnostik im Erwachsenenalter” vorgestellt.</p>
<p>Die Treffen finden in Hannover (Autismus-Therapie-Zentrum, Bemeroder Straße 8) statt. Es kommen jeweils etwa 10-20 Teilnehmer aus Niedersachsen und Bremen. Es sind Ärzte, Psychologen und Mitglieder anderer Berufsgruppen aus verschiedenen Einrichtungen und niedergelassenen Praxen vertreten.</p>
<p>Die Themen und Fallvorstellungen werden von den Teilnehmern eingebracht. Bei den Fallvorstellungen findet Videotechnik Anwendung. Die Arbeitsgruppe wird fortgeführt solange Bedarf besteht und Raum und Organisation gewährleistet sind.</p>
<p>Die Projektgruppe versteht sich als offene, berufsübergreifende, fortlaufende Arbeitsgruppe, mit halbjährlichen Treffen. Neue Teilnehmer sind stets willkommen.</p>
<p>&nbsp;</p>
<p><strong>Ihr Ansprechpartner für die Projektgruppe &#8222;Diagnostik&#8220;:</strong></p>
<p>&#8211; Sarah Heidrich-Peters (Praxis Duda, Hildesheim)</p>
<p>&nbsp;</p>

<p>Eingeladen zur Projektgruppe Diagnostik sind Menschen, die sich beruflich mit der Diagnostik von Autismus-Spektrum-Störungen befassen. Ziel ist der fachliche Austausch. Die Projektgruppe besteht seit 2010. Nach Gründung wurde zunächst eine Stellungnahme erarbeitet, die die Grundlagen fachlicher Diagnostik von Autismus-Spektrum-Störungen im Kindes- und Jugendalter darstellt (veröffentlicht unter www.autismus-niedersachsen.de/?page_id=473). Anhand von Fallvorstellungen</p>
