{"id":339,"date":"2015-03-10T18:00:25","date_gmt":"2015-03-10T16:00:25","guid":{"rendered":"http:\/\/www.autismus-niedersachsen.de\/?page_id=339"},"modified":"2019-05-01T17:34:15","modified_gmt":"2019-05-01T15:34:15","slug":"veranstaltungen","status":"publish","type":"page","link":"https:\/\/www.autismus-niedersachsen.de\/?page_id=339","title":{"rendered":"Termine der Arbeitsgruppe"},"content":{"rendered":"<p><strong>21. Sitzung der Projektgruppe &#8222;Diagnostik&#8220;\u00a0<\/strong><\/p>\n<p>Datum: 08.05.2019, Uhrzeit: 16.00 Uhr<br \/>\nOrt: Autismus-Zentrum Hannover,<br \/>\nBemeroder Stra\u00dfe 8, 30559 Hannover<\/p>\n<p>&nbsp;<\/p>\n<p><strong>20. Sitzung der Projektgruppe &#8222;Diagnostik&#8220;\u00a0<\/strong><\/p>\n<p>Datum: 24.10.2018, Uhrzeit: 16.00 Uhr<br \/>\nOrt: Autismus-Zentrum Hannover,<br \/>\nBemeroder Stra\u00dfe 8, 30559 Hannover<\/p>\n<p>&nbsp;<\/p>\n<p><strong>19. Sitzung der Projektgruppe &#8222;Diagnostik&#8220;\u00a0<\/strong><\/p>\n<p>Datum: 11.4.2018, Uhrzeit: 16.00 Uhr<br \/>\nOrt: Autismus-Zentrum Hannover,<br \/>\nBemeroder Stra\u00dfe 8, 30559 Hannover<\/p>\n<p><strong>Die Projektgruppensitzung f\u00e4llt aus &#8211; ein neuer Termin wird in K\u00fcrze bekanntgegeben!<\/strong><\/p>\n<p>&nbsp;<\/p>\n<p><strong>18. Sitzung der Projektgruppe &#8222;Diagnostik&#8220;\u00a0<\/strong><\/p>\n<p>Datum: 8.11.2017, Uhrzeit: 16.00 Uhr<br \/>\nOrt: Autismus-Zentrum Hannover,<br \/>\nBemeroder Stra\u00dfe 8, 30559 Hannover<\/p>\n<p>Thema: Benno B\u00f6ckh berichtet \u00fcber sein ABA-Angebot<br \/>\nund fachlicher Austausch<\/p>\n<p>&nbsp;<\/p>\n<p><strong>17. Sitzung der Projektgruppe &#8222;Diagnostik&#8220;\u00a0<\/strong><\/p>\n<p>Datum: 10. Mai 2016, Uhrzeit: 16.00 Uhr<br \/>\nOrt: Autismus-Zentrum Hannover,<br \/>\nBemeroder Stra\u00dfe 8, 30559 Hannover<\/p>\n<p>Thema noch offen<\/p>\n<p>&nbsp;<\/p>\n<p><strong>16. Sitzung der Projektgruppe &#8222;Diagnostik&#8220;\u00a0<\/strong><\/p>\n<p>Datum: Mittwoch, 13. April 2016, Uhrzeit: 16.30 Uhr<br \/>\nOrt: Autismus-Zentrum Hannover (Konferenzraum),<br \/>\nBemeroder Stra\u00dfe 8, 30559 Hannover<\/p>\n<p>Allgemeiner Austausch zu Rahmenbedingungen der Arbeit<br \/>\nAllgemeines zur Projektgruppe und Organisation<\/p>\n<p>&nbsp;<\/p>\n<p><strong>15. Sitzung der Projektgruppe &#8222;Diagnostik&#8220;\u00a0<\/strong><\/p>\n<p>Datum: Mittwoch, 3. Februar 2016, Uhrzeit: 16 Uhr<br \/>\nOrt: Autismus-Zentrum Hannover (Konferenzraum),<br \/>\nBemeroder Stra\u00dfe 8, 30559 Hannover<\/p>\n<p>Wegen Erkrankung der Referentin bleibt es vorl\u00e4ufig<br \/>\nbei einem fachlichen Austausch.<\/p>\n<p>&nbsp;<\/p>\n<p><strong>14. Sitzung der Projektgruppe &#8222;Diagnostik&#8220;\u00a0<\/strong><\/p>\n<p>Datum: Mittwoch, 23.09.2015, Uhrzeit: 16 Uhr<br \/>\nOrt: Therapiezentrum f\u00fcr autistische Kinder (Konferenzraum),<br \/>\nBemeroder Stra\u00dfe 8, 30559 Hannover<\/p>\n<p>Thema: Fachlicher Austausch zur Diagnostik von Autismus-Spektrum-St\u00f6rungen,<br \/>\nFalldiskussion (Frau Anders, ZEUS Wolfsburg)<\/p>\n<p>&nbsp;<\/p>\n<p><strong>13. Sitzung der Projektgruppe &#8222;Diagnostik&#8220;\u00a0<\/strong><\/p>\n<p>Datum: Mittwoch, 11.02.2015 Uhrzeit: 16 Uhr<br \/>\nOrt: Therapiezentrum f\u00fcr autistische Kinder (Konferenzraum),<br \/>\nBemeroder Stra\u00dfe 8, 30559 Hannover<\/p>\n<p>Thema: Diagnostik bei\u00a0Verdacht auf Autismus-Spektrum-St\u00f6rung \u2013 Daten einer Inanspruchnahmestudie im Erhebungszeitraum 2004 bis 2012 (N=1352) (Klaus Lohmann, SPZ Hannover)<\/p>\n<p>&nbsp;<\/p>\n<p><strong>12. Sitzung der Projektgruppe &#8222;Diagnostik&#8220;\u00a0<\/strong><\/p>\n<p>Datum: Mittwoch, 24.09.2014 Uhrzeit: 16 Uhr<br \/>\nOrt: Therapiezentrum f\u00fcr autistische Kinder (Konferenzraum),<br \/>\nBemeroder Stra\u00dfe 8, 30559 Hannover<\/p>\n<p>Themen: Fachlicher Austausch zum Thema: \u201eGeschlechterspezifische Aspekte bei der Diagnostik von Autismus-Spektrum-St\u00f6rungen\u201c<\/p>\n<p>&nbsp;<\/p>\n<p><strong>11. Sitzung der Projektgruppe &#8222;Diagnostik&#8220;\u00a0<\/strong><\/p>\n<p>Datum: Mittwoch, 12.02.2014 Uhrzeit: 16 Uhr<br \/>\nOrt: GIB (gem. Gesellschaft f\u00fcr integrative Behindertenarbeit),<br \/>\nKonferenzraum, Prinz-Albrecht-Ring 63a, 30657 Hannover-Bothfeld<\/p>\n<p>Thema: &#8222;Neue Beurteilungsalgorithmen der ADOS im Kontext der ge\u00e4nderten Diagnosekriterien der Autismusspektrumst\u00f6rung in DSM 5 und ICD XI&#8220;<\/p>\n<p>&nbsp;<\/p>\n<p><strong>10. Sitzung der Projektgruppe &#8222;Diagnostik&#8220;\u00a0<\/strong><\/p>\n<p>Datum: Mittwoch, 18.09.2013 Uhrzeit: 16 Uhr<br \/>\nOrt: GIB (gem. Gesellschaft f\u00fcr integrative Behindertenarbeit),<br \/>\nKonferenzraum, Prinz-Albrecht-Ring 63a, 30657 Hannover-Bothfeld<\/p>\n<p>Thema: &#8222;Diagnostik bei (jungen) Erwachsenen mit Autismus-Spektrum-St\u00f6rungen&#8220;<\/p>\n<p>&nbsp;<\/p>\n<p><strong>9. Sitzung der Projektgruppe &#8222;Diagnostik&#8220;\u00a0<\/strong><\/p>\n<p>Datum: Mittwoch, 13.03.2013 Uhrzeit: 16 Uhr<br \/>\nOrt: GIB (gem. Gesellschaft f\u00fcr integrative Behindertenarbeit),<br \/>\nKonferenzraum, Prinz-Albrecht-Ring 63a, 30657 Hannover-Bothfeld<\/p>\n<p>Themen: Fr\u00fche Diagnose, Fachlicher Austausch<\/p>\n<p>&nbsp;<\/p>\n<p><strong>8. Sitzung der Projektgruppe &#8222;Diagnostik&#8220;\u00a0<\/strong><\/p>\n<p>Datum: Mittwoch, 28.11.2012 Uhrzeit: 16 Uhr<br \/>\nOrt: GIB (gem. Gesellschaft f\u00fcr integrative Behindertenarbeit),<br \/>\nKonferenzraum, Prinz-Albrecht-Ring 63a, 30657 Hannover-Bothfeld<\/p>\n<p>Thema: Fr\u00fche Diagnose<\/p>\n<p>&nbsp;<\/p>\n<p><strong>7. Sitzung der Projektgruppe &#8222;Diagnostik&#8220;\u00a0<\/strong><\/p>\n<p>Datum: Mittwoch, 19.09.2012 Uhrzeit: 16 Uhr<br \/>\nOrt: GIB (gem. Gesellschaft f\u00fcr integrative Behindertenarbeit),<br \/>\nKonferenzraum, Prinz-Albrecht-Ring 63a, 30657 Hannover-Bothfeld<\/p>\n<p>Themen: Fr\u00fche Diagnose, Falldiskussion<\/p>\n<p>&nbsp;<\/p>\n<p><strong>6. Sitzung der Projektgruppe &#8222;Diagnostik&#8220;<br \/>\n<\/strong><\/p>\n<p>Datum: Mittwoch, 13.06.2012 Uhrzeit: 16 Uhr<br \/>\nOrt: GIB (gem. Gesellschaft f\u00fcr integrative Behindertenarbeit),<br \/>\nKonferenzraum, Prinz-Albrecht-Ring 63a, 30657 Hannover-Bothfeld<\/p>\n<p>Themen: Weiteres Besprechen der Stellungnahme zum diagnostischen Standard bei Autismus-Spektrum-St\u00f6rungen, Falldiskussion<\/p>\n<p>&nbsp;<\/p>\n<p><strong>5. Sitzung der Projektgruppe &#8222;Diagnostik&#8220;\u00a0<\/strong><\/p>\n<p>Datum: Mittwoch, 29.02.2012 Uhrzeit: 16 Uhr<br \/>\nOrt: GIB (gem. Gesellschaft f\u00fcr integrative Behindertenarbeit),<br \/>\nKonferenzraum, Prinz-Albrecht-Ring 63a, 30657 Hannover-Bothfeld<\/p>\n<p>Themen: Diagnostischer Standard bei Autismus-Spektrum-St\u00f6rungen, Falldiskussion<\/p>\n<p>&nbsp;<\/p>\n<p><strong>4. Sitzung der Projektgruppe &#8222;Diagnostik&#8220;<br \/>\n<\/strong><\/p>\n<p>Datum: Mittwoch, 16.11.2011 Uhrzeit: 16 Uhr<br \/>\nOrt: GIB (gem. Gesellschaft f\u00fcr integrative Behindertenarbeit),<br \/>\nKonferenzraum, Prinz-Albrecht-Ring 63a, 30657 Hannover-Bothfeld<\/p>\n<p>Themen: Diagnostischer Standard bei Autismus- Spektrum-St\u00f6rungen, Falldiskussion<\/p>\n<p>&nbsp;<\/p>\n<p><strong>3. Sitzung der Projektgruppe &#8222;Diagnostik&#8220;\u00a0<\/strong><\/p>\n<p>Datum: Mittwoch, 11.05.2011 Uhrzeit: 17 Uhr<br \/>\nOrt: GiB (gem. Gesellschaft f\u00fcr integrative Behindertenarbeit),<br \/>\nKonferenzraum, Prinz-Albrecht-Ring 63a, 30657 Hannover-Bothfeld<\/p>\n<p>&nbsp;<\/p>\n<p><strong>2. Sitzung der Projektgruppe &#8222;Diagnostik&#8220;\u00a0<\/strong><\/p>\n<p>Datum: Mittwoch, 03.11.2010 Uhrzeit 17 Uhr<br \/>\nOrt: GiB (gem. Gesellschaft f\u00fcr integrative Behindertenarbeit),<br \/>\nKonferenzraum, Prinz-Albrecht-Ring 63a, 30657 Hannover-Bothfeld<\/p>\n<p>Thema: Diagnostischer Standard bei Autismus-Spektrum-St\u00f6rungen. Was k\u00f6nnen und was m\u00fcssen wir leisten, damit die Diagnostik fr\u00fch, effizient und richtig erfolgt<\/p>\n<p>&nbsp;<\/p>\n<p><strong>1. Sitzung der Projektgruppe &#8222;Diagnostik&#8220;\u00a0<\/strong><\/p>\n<p>Datum: Mittwoch, 16.06.2010 Uhrzeit 17 Uhr<br \/>\nOrt: Therapiezentrum f\u00fcr Kinder mit Autismus,<br \/>\nBemeroder Stra\u00dfe 8, 30559 Hannover<\/p>\n<p>Thema: Konstituierung der Projektgruppe<\/p>\n","protected":false},"excerpt":{"rendered":"<p>21. Sitzung der Projektgruppe &#8222;Diagnostik&#8220;\u00a0 Datum: 08.05.2019, Uhrzeit: 16.00 Uhr Ort: Autismus-Zentrum Hannover, Bemeroder Stra\u00dfe 8, 30559 Hannover &nbsp; 20. Sitzung der Projektgruppe &#8222;Diagnostik&#8220;\u00a0 Datum: 24.10.2018, Uhrzeit: 16.00 Uhr Ort: Autismus-Zentrum Hannover, Bemeroder Stra\u00dfe 8, 30559 Hannover &nbsp; 19. Sitzung der Projektgruppe &#8222;Diagnostik&#8220;\u00a0 Datum: 11.4.2018, Uhrzeit: 16.00 Uhr Ort: Autismus-Zentrum<\/p>\n","protected":false},"author":1,"featured_media":0,"parent":34,"menu_order":1,"comment_status":"closed","ping_status":"closed","template":"","meta":{"footnotes":"","_links_to":"","_links_to_target":""},"class_list":["post-339","page","type-page","status-publish","hentry"],"_links":{"self":[{"href":"https:\/\/www.autismus-niedersachsen.de\/index.php?rest_route=\/wp\/v2\/pages\/339","targetHints":{"allow":["GET"]}}],"collection":[{"href":"https:\/\/www.autismus-niedersachsen.de\/index.php?rest_route=\/wp\/v2\/pages"}],"about":[{"href":"https:\/\/www.autismus-niedersachsen.de\/index.php?rest_route=\/wp\/v2\/types\/page"}],"author":[{"embeddable":true,"href":"https:\/\/www.autismus-niedersachsen.de\/index.php?rest_route=\/wp\/v2\/users\/1"}],"replies":[{"embeddable":true,"href":"https:\/\/www.autismus-niedersachsen.de\/index.php?rest_route=%2Fwp%2Fv2%2Fcomments&post=339"}],"version-history":[{"count":8,"href":"https:\/\/www.autismus-niedersachsen.de\/index.php?rest_route=\/wp\/v2\/pages\/339\/revisions"}],"predecessor-version":[{"id":1238,"href":"https:\/\/www.autismus-niedersachsen.de\/index.php?rest_route=\/wp\/v2\/pages\/339\/revisions\/1238"}],"up":[{"embeddable":true,"href":"https:\/\/www.autismus-niedersachsen.de\/index.php?rest_route=\/wp\/v2\/pages\/34"}],"wp:attachment":[{"href":"https:\/\/www.autismus-niedersachsen.de\/index.php?rest_route=%2Fwp%2Fv2%2Fmedia&parent=339"}],"curies":[{"name":"wp","href":"https:\/\/api.w.org\/{rel}","templated":true}]}}

<p><strong>21. Sitzung der Projektgruppe &#8222;Diagnostik&#8220; </strong></p>
<p>Datum: 08.05.2019, Uhrzeit: 16.00 Uhr<br />
Ort: Autismus-Zentrum Hannover,<br />
Bemeroder Straße 8, 30559 Hannover</p>
<p>&nbsp;</p>
<p><strong>20. Sitzung der Projektgruppe &#8222;Diagnostik&#8220; </strong></p>
<p>Datum: 24.10.2018, Uhrzeit: 16.00 Uhr<br />
Ort: Autismus-Zentrum Hannover,<br />
Bemeroder Straße 8, 30559 Hannover</p>
<p>&nbsp;</p>
<p><strong>19. Sitzung der Projektgruppe &#8222;Diagnostik&#8220; </strong></p>
<p>Datum: 11.4.2018, Uhrzeit: 16.00 Uhr<br />
Ort: Autismus-Zentrum Hannover,<br />
Bemeroder Straße 8, 30559 Hannover</p>
<p><strong>Die Projektgruppensitzung fällt aus &#8211; ein neuer Termin wird in Kürze bekanntgegeben!</strong></p>
<p>&nbsp;</p>
<p><strong>18. Sitzung der Projektgruppe &#8222;Diagnostik&#8220; </strong></p>
<p>Datum: 8.11.2017, Uhrzeit: 16.00 Uhr<br />
Ort: Autismus-Zentrum Hannover,<br />
Bemeroder Straße 8, 30559 Hannover</p>
<p>Thema: Benno Böckh berichtet über sein ABA-Angebot<br />
und fachlicher Austausch</p>
<p>&nbsp;</p>
<p><strong>17. Sitzung der Projektgruppe &#8222;Diagnostik&#8220; </strong></p>
<p>Datum: 10. Mai 2016, Uhrzeit: 16.00 Uhr<br />
Ort: Autismus-Zentrum Hannover,<br />
Bemeroder Straße 8, 30559 Hannover</p>
<p>Thema noch offen</p>
<p>&nbsp;</p>
<p><strong>16. Sitzung der Projektgruppe &#8222;Diagnostik&#8220; </strong></p>
<p>Datum: Mittwoch, 13. April 2016, Uhrzeit: 16.30 Uhr<br />
Ort: Autismus-Zentrum Hannover (Konferenzraum),<br />
Bemeroder Straße 8, 30559 Hannover</p>
<p>Allgemeiner Austausch zu Rahmenbedingungen der Arbeit<br />
Allgemeines zur Projektgruppe und Organisation</p>
<p>&nbsp;</p>
<p><strong>15. Sitzung der Projektgruppe &#8222;Diagnostik&#8220; </strong></p>
<p>Datum: Mittwoch, 3. Februar 2016, Uhrzeit: 16 Uhr<br />
Ort: Autismus-Zentrum Hannover (Konferenzraum),<br />
Bemeroder Straße 8, 30559 Hannover</p>
<p>Wegen Erkrankung der Referentin bleibt es vorläufig<br />
bei einem fachlichen Austausch.</p>
<p>&nbsp;</p>
<p><strong>14. Sitzung der Projektgruppe &#8222;Diagnostik&#8220; </strong></p>
<p>Datum: Mittwoch, 23.09.2015, Uhrzeit: 16 Uhr<br />
Ort: Therapiezentrum für autistische Kinder (Konferenzraum),<br />
Bemeroder Straße 8, 30559 Hannover</p>
<p>Thema: Fachlicher Austausch zur Diagnostik von Autismus-Spektrum-Störungen,<br />
Falldiskussion (Frau Anders, ZEUS Wolfsburg)</p>
<p>&nbsp;</p>
<p><strong>13. Sitzung der Projektgruppe &#8222;Diagnostik&#8220; </strong></p>
<p>Datum: Mittwoch, 11.02.2015 Uhrzeit: 16 Uhr<br />
Ort: Therapiezentrum für autistische Kinder (Konferenzraum),<br />
Bemeroder Straße 8, 30559 Hannover</p>
<p>Thema: Diagnostik bei Verdacht auf Autismus-Spektrum-Störung – Daten einer Inanspruchnahmestudie im Erhebungszeitraum 2004 bis 2012 (N=1352) (Klaus Lohmann, SPZ Hannover)</p>
<p>&nbsp;</p>
<p><strong>12. Sitzung der Projektgruppe &#8222;Diagnostik&#8220; </strong></p>
<p>Datum: Mittwoch, 24.09.2014 Uhrzeit: 16 Uhr<br />
Ort: Therapiezentrum für autistische Kinder (Konferenzraum),<br />
Bemeroder Straße 8, 30559 Hannover</p>
<p>Themen: Fachlicher Austausch zum Thema: „Geschlechterspezifische Aspekte bei der Diagnostik von Autismus-Spektrum-Störungen“</p>
<p>&nbsp;</p>
<p><strong>11. Sitzung der Projektgruppe &#8222;Diagnostik&#8220; </strong></p>
<p>Datum: Mittwoch, 12.02.2014 Uhrzeit: 16 Uhr<br />
Ort: GIB (gem. Gesellschaft für integrative Behindertenarbeit),<br />
Konferenzraum, Prinz-Albrecht-Ring 63a, 30657 Hannover-Bothfeld</p>
<p>Thema: &#8222;Neue Beurteilungsalgorithmen der ADOS im Kontext der geänderten Diagnosekriterien der Autismusspektrumstörung in DSM 5 und ICD XI&#8220;</p>
<p>&nbsp;</p>
<p><strong>10. Sitzung der Projektgruppe &#8222;Diagnostik&#8220; </strong></p>
<p>Datum: Mittwoch, 18.09.2013 Uhrzeit: 16 Uhr<br />
Ort: GIB (gem. Gesellschaft für integrative Behindertenarbeit),<br />
Konferenzraum, Prinz-Albrecht-Ring 63a, 30657 Hannover-Bothfeld</p>
<p>Thema: &#8222;Diagnostik bei (jungen) Erwachsenen mit Autismus-Spektrum-Störungen&#8220;</p>
<p>&nbsp;</p>
<p><strong>9. Sitzung der Projektgruppe &#8222;Diagnostik&#8220; </strong></p>
<p>Datum: Mittwoch, 13.03.2013 Uhrzeit: 16 Uhr<br />
Ort: GIB (gem. Gesellschaft für integrative Behindertenarbeit),<br />
Konferenzraum, Prinz-Albrecht-Ring 63a, 30657 Hannover-Bothfeld</p>
<p>Themen: Frühe Diagnose, Fachlicher Austausch</p>
<p>&nbsp;</p>
<p><strong>8. Sitzung der Projektgruppe &#8222;Diagnostik&#8220; </strong></p>
<p>Datum: Mittwoch, 28.11.2012 Uhrzeit: 16 Uhr<br />
Ort: GIB (gem. Gesellschaft für integrative Behindertenarbeit),<br />
Konferenzraum, Prinz-Albrecht-Ring 63a, 30657 Hannover-Bothfeld</p>
<p>Thema: Frühe Diagnose</p>
<p>&nbsp;</p>
<p><strong>7. Sitzung der Projektgruppe &#8222;Diagnostik&#8220; </strong></p>
<p>Datum: Mittwoch, 19.09.2012 Uhrzeit: 16 Uhr<br />
Ort: GIB (gem. Gesellschaft für integrative Behindertenarbeit),<br />
Konferenzraum, Prinz-Albrecht-Ring 63a, 30657 Hannover-Bothfeld</p>
<p>Themen: Frühe Diagnose, Falldiskussion</p>
<p>&nbsp;</p>
<p><strong>6. Sitzung der Projektgruppe &#8222;Diagnostik&#8220;<br />
</strong></p>
<p>Datum: Mittwoch, 13.06.2012 Uhrzeit: 16 Uhr<br />
Ort: GIB (gem. Gesellschaft für integrative Behindertenarbeit),<br />
Konferenzraum, Prinz-Albrecht-Ring 63a, 30657 Hannover-Bothfeld</p>
<p>Themen: Weiteres Besprechen der Stellungnahme zum diagnostischen Standard bei Autismus-Spektrum-Störungen, Falldiskussion</p>
<p>&nbsp;</p>
<p><strong>5. Sitzung der Projektgruppe &#8222;Diagnostik&#8220; </strong></p>
<p>Datum: Mittwoch, 29.02.2012 Uhrzeit: 16 Uhr<br />
Ort: GIB (gem. Gesellschaft für integrative Behindertenarbeit),<br />
Konferenzraum, Prinz-Albrecht-Ring 63a, 30657 Hannover-Bothfeld</p>
<p>Themen: Diagnostischer Standard bei Autismus-Spektrum-Störungen, Falldiskussion</p>
<p>&nbsp;</p>
<p><strong>4. Sitzung der Projektgruppe &#8222;Diagnostik&#8220;<br />
</strong></p>
<p>Datum: Mittwoch, 16.11.2011 Uhrzeit: 16 Uhr<br />
Ort: GIB (gem. Gesellschaft für integrative Behindertenarbeit),<br />
Konferenzraum, Prinz-Albrecht-Ring 63a, 30657 Hannover-Bothfeld</p>
<p>Themen: Diagnostischer Standard bei Autismus- Spektrum-Störungen, Falldiskussion</p>
<p>&nbsp;</p>
<p><strong>3. Sitzung der Projektgruppe &#8222;Diagnostik&#8220; </strong></p>
<p>Datum: Mittwoch, 11.05.2011 Uhrzeit: 17 Uhr<br />
Ort: GiB (gem. Gesellschaft für integrative Behindertenarbeit),<br />
Konferenzraum, Prinz-Albrecht-Ring 63a, 30657 Hannover-Bothfeld</p>
<p>&nbsp;</p>
<p><strong>2. Sitzung der Projektgruppe &#8222;Diagnostik&#8220; </strong></p>
<p>Datum: Mittwoch, 03.11.2010 Uhrzeit 17 Uhr<br />
Ort: GiB (gem. Gesellschaft für integrative Behindertenarbeit),<br />
Konferenzraum, Prinz-Albrecht-Ring 63a, 30657 Hannover-Bothfeld</p>
<p>Thema: Diagnostischer Standard bei Autismus-Spektrum-Störungen. Was können und was müssen wir leisten, damit die Diagnostik früh, effizient und richtig erfolgt</p>
<p>&nbsp;</p>
<p><strong>1. Sitzung der Projektgruppe &#8222;Diagnostik&#8220; </strong></p>
<p>Datum: Mittwoch, 16.06.2010 Uhrzeit 17 Uhr<br />
Ort: Therapiezentrum für Kinder mit Autismus,<br />
Bemeroder Straße 8, 30559 Hannover</p>
<p>Thema: Konstituierung der Projektgruppe</p>

<p>21. Sitzung der Projektgruppe &#8222;Diagnostik&#8220;  Datum: 08.05.2019, Uhrzeit: 16.00 Uhr Ort: Autismus-Zentrum Hannover, Bemeroder Straße 8, 30559 Hannover &nbsp; 20. Sitzung der Projektgruppe &#8222;Diagnostik&#8220;  Datum: 24.10.2018, Uhrzeit: 16.00 Uhr Ort: Autismus-Zentrum Hannover, Bemeroder Straße 8, 30559 Hannover &nbsp; 19. Sitzung der Projektgruppe &#8222;Diagnostik&#8220;  Datum: 11.4.2018, Uhrzeit: 16.00 Uhr Ort: Autismus-Zentrum</p>
