{"id":352,"date":"2015-03-10T18:30:57","date_gmt":"2015-03-10T16:30:57","guid":{"rendered":"http:\/\/www.autismus-niedersachsen.de\/?page_id=352"},"modified":"2019-08-18T14:50:59","modified_gmt":"2019-08-18T12:50:59","slug":"2009-tagungsreader-verden","status":"publish","type":"page","link":"https:\/\/www.autismus-niedersachsen.de\/?page_id=352","title":{"rendered":"2009 Tagungsreader Verden"},"content":{"rendered":"<p><strong>In dem aus der Verdener Tagung 2007 entstandenen Reader versammeln sich unter dem Motto &#8222;Mit Autismus muss gerechnet werden!&#8220; viele verschiedene Sichtweisen auf das &#8211; nach wie vor &#8211; von Unverst\u00e4ndnis und Mythenbildung gepr\u00e4gte Thema Autismus.<\/strong><\/p>\n<p>Tagungsreader bei Amazon.de bestellen<\/p>\n<p>Aus diesem facettenreichen Bild des Autismus entwickeln die beiden Herausgeberinnen eine Bestandsaufnahme der beklemmenden Situation autistischer Menschen in Niedersachsen f\u00fcr die Bereiche &#8222;Schule&#8220; und &#8222;Diagnostik&#8220; und verweisen auf den gro\u00dfen Handlungsbedarf bei der Verbesserung der Lebenssituation autistischer Menschen und deren Familien. Kinder und Jugendliche mit Autismus m\u00fcssen in der Schule nicht scheitern! Unter dem Motto &#8222;Mit Autismus muss gerechnet werden!&#8220; ist eine Streitschrift entstanden, die die gro\u00dfen Entwicklungsaufgaben in Niedersachsen und anderswo benennt und anmahnt. Denn (nicht nur) Niedersachsen hat auf diesem Gebiet viel zu tun und ist weit davon entfernt, die \u00fcberf\u00e4llige selbstverst\u00e4ndliche Teilhabe von Menschen mit Autismus einl\u00f6sen zu k\u00f6nnen.&#8220;Die Diagnose gestaltet sich schwierig und aufgrund dessen ist auch die Wahl der Schule sehr schwer. H\u00e4ufig finden erst sehr sp\u00e4t notwendige Therapien und F\u00f6rderma\u00dfnahmen statt, was den sp\u00e4teren Schulbesuch ebenfalls erschwert!&#8220; (Kommentar eines Tagungsteilnehmers)&#8220;Gerade auch im Regelschulbereich ist es so, dass man wenig von alldem mitbekommt. Ich habe heute unglaublich viel gelernt, und ich muss mich meinem Vorredner \u2026 anschlie\u00dfen: Es war erschreckend, wie viel ich hier lernen konnte.&#8220; (Doris Janssen, VBE Niedersachsen)<\/p>\n<p>Mit einem Geleitwort von Karin Evers-Meyer und Beitr\u00e4gen von Adelheid Bertheau, Eckhard Bewernick, Iris B\u00fclow, Ragna Cordes, Eftichia Duketis, Iris Finck, Anette Hausotter, Christina Heinecke, Evelyn Herbrecht, Bernd Maa\u00df, Svantje Ohder, Christine Peisker, Christine Prei\u00dfmann, Timo Prie\u00df, Brita Schirmer, Ingrid Schr\u00f6der, Nicole Schuster, Ingo Spitczok von Brisinski, Gisbert Voigt, Erika Weber und Marika Zeyn<\/p>\n","protected":false},"excerpt":{"rendered":"<p>In dem aus der Verdener Tagung 2007 entstandenen Reader versammeln sich unter dem Motto &#8222;Mit Autismus muss gerechnet werden!&#8220; viele verschiedene Sichtweisen auf das &#8211; nach wie vor &#8211; von Unverst\u00e4ndnis und Mythenbildung gepr\u00e4gte Thema Autismus. Tagungsreader bei Amazon.de bestellen Aus diesem facettenreichen Bild des Autismus entwickeln die beiden Herausgeberinnen<\/p>\n","protected":false},"author":1,"featured_media":0,"parent":344,"menu_order":10,"comment_status":"closed","ping_status":"closed","template":"","meta":{"footnotes":"","_links_to":"","_links_to_target":""},"class_list":["post-352","page","type-page","status-publish","hentry"],"_links":{"self":[{"href":"https:\/\/www.autismus-niedersachsen.de\/index.php?rest_route=\/wp\/v2\/pages\/352","targetHints":{"allow":["GET"]}}],"collection":[{"href":"https:\/\/www.autismus-niedersachsen.de\/index.php?rest_route=\/wp\/v2\/pages"}],"about":[{"href":"https:\/\/www.autismus-niedersachsen.de\/index.php?rest_route=\/wp\/v2\/types\/page"}],"author":[{"embeddable":true,"href":"https:\/\/www.autismus-niedersachsen.de\/index.php?rest_route=\/wp\/v2\/users\/1"}],"replies":[{"embeddable":true,"href":"https:\/\/www.autismus-niedersachsen.de\/index.php?rest_route=%2Fwp%2Fv2%2Fcomments&post=352"}],"version-history":[{"count":3,"href":"https:\/\/www.autismus-niedersachsen.de\/index.php?rest_route=\/wp\/v2\/pages\/352\/revisions"}],"predecessor-version":[{"id":1253,"href":"https:\/\/www.autismus-niedersachsen.de\/index.php?rest_route=\/wp\/v2\/pages\/352\/revisions\/1253"}],"up":[{"embeddable":true,"href":"https:\/\/www.autismus-niedersachsen.de\/index.php?rest_route=\/wp\/v2\/pages\/344"}],"wp:attachment":[{"href":"https:\/\/www.autismus-niedersachsen.de\/index.php?rest_route=%2Fwp%2Fv2%2Fmedia&parent=352"}],"curies":[{"name":"wp","href":"https:\/\/api.w.org\/{rel}","templated":true}]}}