{"id":372,"date":"2015-03-10T18:58:07","date_gmt":"2015-03-10T16:58:07","guid":{"rendered":"http:\/\/www.autismus-niedersachsen.de\/?page_id=372"},"modified":"2015-11-03T14:43:38","modified_gmt":"2015-11-03T12:43:38","slug":"unterstuetzte-beschaeftigung","status":"publish","type":"page","link":"https:\/\/www.autismus-niedersachsen.de\/?page_id=372","title":{"rendered":"Unterst\u00fctzte Besch\u00e4ftigung"},"content":{"rendered":"<p>B\u00fcndnis &#8222;Unterst\u00fctzte Besch\u00e4ftigung<br \/>\n<a href=\"http:\/\/www.behindertenbeauftragter-niedersachsen.de\/\">Quelle: Nieders\u00e4chsischer Landesbeauftragter f\u00fcr Menschen mit Behinderungen<\/a><\/p>\n<p>&nbsp;<\/p>\n<p><strong>Berufliche Integration schwerbehinderter Menschen<\/strong><\/p>\n<p>Seit 1997 besteht das &#8222;Nieders\u00e4chsische B\u00fcndnis Unterst\u00fctzte Besch\u00e4ftigung&#8220;, einer der Erfolg versprechender Zusammenschl\u00fcsse zur beruflichen Integration schwer behinderter Menschen, mit dem der Behindertenbeauftragte eng zusammenarbeitet.<br \/>\nRund 70 B\u00fcndnispartnerinnen und -partner bilden das R\u00fcckgrat des B\u00fcndnisses. Dazu geh\u00f6ren Eltern behinderter Kinder, Betroffene, Verb\u00e4nde, Gewerkschaften und Selbsthilfegruppen.<br \/>\nSein Grundsatz ist, dass Integration der Selbstbestimmung der Betroffenen bedarf.<\/p>\n<p>&nbsp;<\/p>\n<p><strong>Was ist Unterst\u00fctzte Besch\u00e4ftigung?<\/strong><\/p>\n<p>Unterst\u00fctzte Besch\u00e4ftigung ist die Assistenz behinderter Menschen am Arbeitsplatz. Wenn n\u00f6tig erh\u00e4lt der \/ die Behinderte eine Assistentin oder einen Assistenten, der ihn an den Arbeitsplatz begleitet und ihn dort anlernt. Mit zunehmender Sicherheit der Behinderten wird die Unterst\u00fctzung vermindert, bis sie wom\u00f6glich nicht mehr gebraucht wird. Die Behinderten erhalten also im Prinzip die gleiche Hilfe wie in einer Werkstatt f\u00fcr Behinderte, nur nehmen sie die Unterst\u00fctzung in die Betriebe mit.<\/p>\n<p>Das B\u00fcndnis will Unterst\u00fctzter Besch\u00e4ftigung in verschiedenen Formen wie z. B. durch Fachdienste oder Integrationsfirmen fl\u00e4chendeckend in Niedersachsen zum Durchbruch verhelfen. Die Arbeit des B\u00fcndnisses orientiert sich an drei Kernaussagen: Jedem Menschen mit Behinderung muss Wahlfreiheit in allen Lebensbereichen zugestanden werden,<\/p>\n<p>die finanzielle Unterst\u00fctzung bereitgestellt werden, die er zur beruflichen Eingliederung ben\u00f6tigt und die M\u00f6glichkeit geboten werden, auf die Arbeit der Unterst\u00fctzungsdienste direkt Einfluss nehmen zu k\u00f6nnen.<\/p>\n<p>&nbsp;<\/p>\n<p>Auszug aus dem T\u00e4tigkeitsbericht 2009 des Landesbeauftragten f\u00fcr Menschen mit Behinderung zum Thema &#8222;Unterst\u00fctzte Besch\u00e4ftigung&#8220;:<\/p>\n<p><strong>Unterst\u00fctzte Besch\u00e4ftigung ein Weg in den allgemeinen Arbeitsmarkt<\/strong><\/p>\n<p>&#8222;Lange hat es gedauert (siehe hierzu auch Seite 60) bis sie Wirklichkeit wurde; die Unterst\u00fctze Besch\u00e4ftigung. Seit dem 01.01.2009 ist es nun Realit\u00e4t. Behinderte Menschen, die bisher in der Regel in die Werkstatt f\u00fcr behinderte Menschen aufgenommen wurden, haben nun eine weitere Alternative.<\/p>\n<p>Zur Ausgangslage: Bisher ist es \u00fcblich, von wenigen Ausnahmen abgesehen, Abg\u00e4nger\/innen von F\u00f6rderschulen, insbesondere dem Personenkreis der so genannten geistig behinderten Menschen, in die Werkstatt f\u00fcr behinderte Menschen aufzunehmen. Dort wird in einem dreimonatigen Eingangsbereich getestet, ob diese die Voraussetzungen f\u00fcr die Werkstatt erf\u00fcllen. Das Gegenteil, wonach Menschen mit Behinderungen im Anschluss an den Eingansbereich auf dem allgemeinen Arbeitsmarkt vermittelt wurden, weil sie f\u00fcr die Werkstatt zu leistungsf\u00e4hig waren, ist nicht bekannt.<\/p>\n<p>Nach dem Eingangsbereich wird der Berufsbildungsbereich (maximal zwei Jahre) durchlaufen. Hier erh\u00e4lt der behinderte Mensch eine Ausbildung, die in erster Linie auf eine sinnvolle Besch\u00e4ftigung in der Werkstatt ausgerichtet ist.<\/p>\n<p>Ab 01.01.2009 hat der Gesetzgeber die M\u00f6glichkeit der Unterst\u00fctzten Besch\u00e4ftigung geschaffen. F\u00fcr einen Personenkreis, von dem davon auszugehen ist, dass die Chance besteht, eine sozialversicherungspflichtige T\u00e4tigkeit aufzunehmen, wird k\u00fcnftig der Weg \u00fcber die Werkstatt nicht mehr n\u00f6tig sein. Jetzt kann dieser Personenkreis bei einem Tr\u00e4ger (Ma\u00dfnahmen wurden durch die Bundesagentur f\u00fcr Arbeit ausgeschrieben), in einem bis zu zweij\u00e4hrigen Zeitrahmen, sowohl grunds\u00e4tzliche Fertigkeiten vermittelt bekommen wie in zahlreichen Praktika Kenntnisse und Fertigkeiten f\u00fcr eine berufliche Eingliederung erwerben.<\/p>\n<p>Im Rahmen dieses Prozesses kann auch festgestellt werden, dass die Werkstatt f\u00fcr behinderte Menschen (zurzeit) doch der geeignete Ort ist. Dann kann in die Werkstatt gewechselt werden.<\/p>\n<p>So sehr sich viele behinderte Menschen, die dies seit Jahren gefordert haben, \u00fcber die Einf\u00fchrung der Unterst\u00fctzten Besch\u00e4ftigung freuen, sie wird nur f\u00fcr einen sehr begrenzten Personenkreis greifen. Deshalb ist es Aufgabe des Landesbeauftragten und seines B\u00fcros, der aktiven Behinderten mit ihren Selbsthilfegruppen sowie der Vereine und Verb\u00e4nde daf\u00fcr zu sorgen, dass m\u00f6glichst viele Menschen von der M\u00f6glichkeit der Unterst\u00fctzten Besch\u00e4ftigung erfahren und diese f\u00fcr sich auch in Anspruch nehmen. Eine Ausweitung sowohl der angebotenen Pl\u00e4tze wie auch der Zulassungsbedingungen ist anzustreben, auch wenn dieses einen langwierigen Prozess bedeutet.<\/p>\n<p>Weitere Informationen zum T\u00e4tigkeitsbericht finden Sie unter diesem externen <a href=\"http:\/\/www.behindertenbeauftragter-niedersachsen.de\/\">Link.<\/a><\/p>\n<p>Kontakt:<br \/>\nNieders\u00e4chsisches B\u00fcndnis Unterst\u00fctzte Besch\u00e4ftigung<br \/>\nB\u00fcro des Behindertenbeauftragten, z. Hd. Herrn J\u00e4hnert,<br \/>\nPostfach 1 41, 30001 Hannover<\/p>\n","protected":false},"excerpt":{"rendered":"<p>B\u00fcndnis &#8222;Unterst\u00fctzte Besch\u00e4ftigung Quelle: Nieders\u00e4chsischer Landesbeauftragter f\u00fcr Menschen mit Behinderungen &nbsp; Berufliche Integration schwerbehinderter Menschen Seit 1997 besteht das &#8222;Nieders\u00e4chsische B\u00fcndnis Unterst\u00fctzte Besch\u00e4ftigung&#8220;, einer der Erfolg versprechender Zusammenschl\u00fcsse zur beruflichen Integration schwer behinderter Menschen, mit dem der Behindertenbeauftragte eng zusammenarbeitet. Rund 70 B\u00fcndnispartnerinnen und -partner bilden das R\u00fcckgrat des B\u00fcndnisses.<\/p>\n","protected":false},"author":1,"featured_media":0,"parent":32,"menu_order":2,"comment_status":"closed","ping_status":"closed","template":"","meta":{"footnotes":"","_links_to":"","_links_to_target":""},"class_list":["post-372","page","type-page","status-publish","hentry"],"_links":{"self":[{"href":"https:\/\/www.autismus-niedersachsen.de\/index.php?rest_route=\/wp\/v2\/pages\/372","targetHints":{"allow":["GET"]}}],"collection":[{"href":"https:\/\/www.autismus-niedersachsen.de\/index.php?rest_route=\/wp\/v2\/pages"}],"about":[{"href":"https:\/\/www.autismus-niedersachsen.de\/index.php?rest_route=\/wp\/v2\/types\/page"}],"author":[{"embeddable":true,"href":"https:\/\/www.autismus-niedersachsen.de\/index.php?rest_route=\/wp\/v2\/users\/1"}],"replies":[{"embeddable":true,"href":"https:\/\/www.autismus-niedersachsen.de\/index.php?rest_route=%2Fwp%2Fv2%2Fcomments&post=372"}],"version-history":[{"count":0,"href":"https:\/\/www.autismus-niedersachsen.de\/index.php?rest_route=\/wp\/v2\/pages\/372\/revisions"}],"up":[{"embeddable":true,"href":"https:\/\/www.autismus-niedersachsen.de\/index.php?rest_route=\/wp\/v2\/pages\/32"}],"wp:attachment":[{"href":"https:\/\/www.autismus-niedersachsen.de\/index.php?rest_route=%2Fwp%2Fv2%2Fmedia&parent=372"}],"curies":[{"name":"wp","href":"https:\/\/api.w.org\/{rel}","templated":true}]}}

Unterstützte Beschäftigung

<p>Bündnis &#8222;Unterstützte Beschäftigung<br />
<a href="http://www.behindertenbeauftragter-niedersachsen.de/">Quelle: Niedersächsischer Landesbeauftragter für Menschen mit Behinderungen</a></p>
<p>&nbsp;</p>
<p><strong>Berufliche Integration schwerbehinderter Menschen</strong></p>
<p>Seit 1997 besteht das &#8222;Niedersächsische Bündnis Unterstützte Beschäftigung&#8220;, einer der Erfolg versprechender Zusammenschlüsse zur beruflichen Integration schwer behinderter Menschen, mit dem der Behindertenbeauftragte eng zusammenarbeitet.<br />
Rund 70 Bündnispartnerinnen und -partner bilden das Rückgrat des Bündnisses. Dazu gehören Eltern behinderter Kinder, Betroffene, Verbände, Gewerkschaften und Selbsthilfegruppen.<br />
Sein Grundsatz ist, dass Integration der Selbstbestimmung der Betroffenen bedarf.</p>
<p>&nbsp;</p>
<p><strong>Was ist Unterstützte Beschäftigung?</strong></p>
<p>Unterstützte Beschäftigung ist die Assistenz behinderter Menschen am Arbeitsplatz. Wenn nötig erhält der / die Behinderte eine Assistentin oder einen Assistenten, der ihn an den Arbeitsplatz begleitet und ihn dort anlernt. Mit zunehmender Sicherheit der Behinderten wird die Unterstützung vermindert, bis sie womöglich nicht mehr gebraucht wird. Die Behinderten erhalten also im Prinzip die gleiche Hilfe wie in einer Werkstatt für Behinderte, nur nehmen sie die Unterstützung in die Betriebe mit.</p>
<p>Das Bündnis will Unterstützter Beschäftigung in verschiedenen Formen wie z. B. durch Fachdienste oder Integrationsfirmen flächendeckend in Niedersachsen zum Durchbruch verhelfen. Die Arbeit des Bündnisses orientiert sich an drei Kernaussagen: Jedem Menschen mit Behinderung muss Wahlfreiheit in allen Lebensbereichen zugestanden werden,</p>
<p>die finanzielle Unterstützung bereitgestellt werden, die er zur beruflichen Eingliederung benötigt und die Möglichkeit geboten werden, auf die Arbeit der Unterstützungsdienste direkt Einfluss nehmen zu können.</p>
<p>&nbsp;</p>
<p>Auszug aus dem Tätigkeitsbericht 2009 des Landesbeauftragten für Menschen mit Behinderung zum Thema &#8222;Unterstützte Beschäftigung&#8220;:</p>
<p><strong>Unterstützte Beschäftigung ein Weg in den allgemeinen Arbeitsmarkt</strong></p>
<p>&#8222;Lange hat es gedauert (siehe hierzu auch Seite 60) bis sie Wirklichkeit wurde; die Unterstütze Beschäftigung. Seit dem 01.01.2009 ist es nun Realität. Behinderte Menschen, die bisher in der Regel in die Werkstatt für behinderte Menschen aufgenommen wurden, haben nun eine weitere Alternative.</p>
<p>Zur Ausgangslage: Bisher ist es üblich, von wenigen Ausnahmen abgesehen, Abgänger/innen von Förderschulen, insbesondere dem Personenkreis der so genannten geistig behinderten Menschen, in die Werkstatt für behinderte Menschen aufzunehmen. Dort wird in einem dreimonatigen Eingangsbereich getestet, ob diese die Voraussetzungen für die Werkstatt erfüllen. Das Gegenteil, wonach Menschen mit Behinderungen im Anschluss an den Eingansbereich auf dem allgemeinen Arbeitsmarkt vermittelt wurden, weil sie für die Werkstatt zu leistungsfähig waren, ist nicht bekannt.</p>
<p>Nach dem Eingangsbereich wird der Berufsbildungsbereich (maximal zwei Jahre) durchlaufen. Hier erhält der behinderte Mensch eine Ausbildung, die in erster Linie auf eine sinnvolle Beschäftigung in der Werkstatt ausgerichtet ist.</p>
<p>Ab 01.01.2009 hat der Gesetzgeber die Möglichkeit der Unterstützten Beschäftigung geschaffen. Für einen Personenkreis, von dem davon auszugehen ist, dass die Chance besteht, eine sozialversicherungspflichtige Tätigkeit aufzunehmen, wird künftig der Weg über die Werkstatt nicht mehr nötig sein. Jetzt kann dieser Personenkreis bei einem Träger (Maßnahmen wurden durch die Bundesagentur für Arbeit ausgeschrieben), in einem bis zu zweijährigen Zeitrahmen, sowohl grundsätzliche Fertigkeiten vermittelt bekommen wie in zahlreichen Praktika Kenntnisse und Fertigkeiten für eine berufliche Eingliederung erwerben.</p>
<p>Im Rahmen dieses Prozesses kann auch festgestellt werden, dass die Werkstatt für behinderte Menschen (zurzeit) doch der geeignete Ort ist. Dann kann in die Werkstatt gewechselt werden.</p>
<p>So sehr sich viele behinderte Menschen, die dies seit Jahren gefordert haben, über die Einführung der Unterstützten Beschäftigung freuen, sie wird nur für einen sehr begrenzten Personenkreis greifen. Deshalb ist es Aufgabe des Landesbeauftragten und seines Büros, der aktiven Behinderten mit ihren Selbsthilfegruppen sowie der Vereine und Verbände dafür zu sorgen, dass möglichst viele Menschen von der Möglichkeit der Unterstützten Beschäftigung erfahren und diese für sich auch in Anspruch nehmen. Eine Ausweitung sowohl der angebotenen Plätze wie auch der Zulassungsbedingungen ist anzustreben, auch wenn dieses einen langwierigen Prozess bedeutet.</p>
<p>Weitere Informationen zum Tätigkeitsbericht finden Sie unter diesem externen <a href="http://www.behindertenbeauftragter-niedersachsen.de/">Link.</a></p>
<p>Kontakt:<br />
Niedersächsisches Bündnis Unterstützte Beschäftigung<br />
Büro des Behindertenbeauftragten, z. Hd. Herrn Jähnert,<br />
Postfach 1 41, 30001 Hannover</p>

<p>Bündnis &#8222;Unterstützte Beschäftigung Quelle: Niedersächsischer Landesbeauftragter für Menschen mit Behinderungen &nbsp; Berufliche Integration schwerbehinderter Menschen Seit 1997 besteht das &#8222;Niedersächsische Bündnis Unterstützte Beschäftigung&#8220;, einer der Erfolg versprechender Zusammenschlüsse zur beruflichen Integration schwer behinderter Menschen, mit dem der Behindertenbeauftragte eng zusammenarbeitet. Rund 70 Bündnispartnerinnen und -partner bilden das Rückgrat des Bündnisses.</p>
