{"id":478,"date":"2015-03-11T15:28:35","date_gmt":"2015-03-11T13:28:35","guid":{"rendered":"http:\/\/www.autismus-niedersachsen.de\/?page_id=478"},"modified":"2019-04-10T11:48:57","modified_gmt":"2019-04-10T09:48:57","slug":"freizeitangebote","status":"publish","type":"page","link":"https:\/\/www.autismus-niedersachsen.de\/?page_id=478","title":{"rendered":"Freizeitangebote"},"content":{"rendered":"<p><strong>Freizeitangebote f\u00fcr Menschen mit Autismus-Spektrum-St\u00f6rungen<\/strong><\/p>\n<p>Die hier aufgef\u00fchrten Einrichtungen sind nach PLZ sortiert und stellen keine Empfehlungen der LAG Autismus Niedersachsen dar. Die Aufz\u00e4hlung erhebt nicht\u00a0 den Anspruch auf Vollst\u00e4ndigkeit.<\/p>\n<p>&nbsp;<\/p>\n<p><strong>26736 Krummh\u00f6rn<\/strong><\/p>\n<p><strong>Ortsgruppe Asperger in Ostfriesland<\/strong><br \/>\nKontakt: Frank Fahr<br \/>\nTel. 04923-218 01 44 und 0176-232 72 256<br \/>\naspi@ewe.net<br \/>\nwww.asperger-in-ostfriesland.de<\/p>\n<p>Die Ortsgruppe Asperger in Ostfriesland bietet regelm\u00e4\u00dfig Ausfl\u00fcge, Ferienfreizeiten und Wochenreisen f\u00fcr Menschen mit Autismus an.<\/p>\n<p>&nbsp;<\/p>\n<p><strong>30165 Hannover<\/strong><\/p>\n<p>gGIS mbH<br \/>\nEmil-Meyer-Stra\u00dfe 20<br \/>\n30165 Hannover<br \/>\nTel.:\u00a0 0511 35 88 1-0<br \/>\n<a href=\"http:\/\/www.gis-service.de\/\">www.gis-service.de<\/a><\/p>\n<p>Die gGIS mbH als ambulanter Dienstleister der Behindertenhilfe f\u00fchrt seit 1998 Ferienfreizeiten f\u00fcr junge Menschen mit Behinderungen durch und verf\u00fcgt \u00fcber langj\u00e4hrige Erfahrungswerte insbesondere mit jungen Menschen aus dem Autismusspektrum. Die gGIS mbH organisiert Ferienfreizeiten mit einer Dauer von vier Tagen bis hin zu drei Wochen um eine den individuellen Bed\u00fcrfnissen entsprechende Wahlm\u00f6glichkeit zu gew\u00e4hrleisten.<\/p>\n","protected":false},"excerpt":{"rendered":"<p>Freizeitangebote f\u00fcr Menschen mit Autismus-Spektrum-St\u00f6rungen Die hier aufgef\u00fchrten Einrichtungen sind nach PLZ sortiert und stellen keine Empfehlungen der LAG Autismus Niedersachsen dar. Die Aufz\u00e4hlung erhebt nicht\u00a0 den Anspruch auf Vollst\u00e4ndigkeit. &nbsp; 26736 Krummh\u00f6rn Ortsgruppe Asperger in Ostfriesland Kontakt: Frank Fahr Tel. 04923-218 01 44 und 0176-232 72 256 aspi@ewe.net www.asperger-in-ostfriesland.de<\/p>\n","protected":false},"author":1,"featured_media":0,"parent":123,"menu_order":3,"comment_status":"closed","ping_status":"closed","template":"","meta":{"footnotes":"","_links_to":"","_links_to_target":""},"class_list":["post-478","page","type-page","status-publish","hentry"],"_links":{"self":[{"href":"https:\/\/www.autismus-niedersachsen.de\/index.php?rest_route=\/wp\/v2\/pages\/478","targetHints":{"allow":["GET"]}}],"collection":[{"href":"https:\/\/www.autismus-niedersachsen.de\/index.php?rest_route=\/wp\/v2\/pages"}],"about":[{"href":"https:\/\/www.autismus-niedersachsen.de\/index.php?rest_route=\/wp\/v2\/types\/page"}],"author":[{"embeddable":true,"href":"https:\/\/www.autismus-niedersachsen.de\/index.php?rest_route=\/wp\/v2\/users\/1"}],"replies":[{"embeddable":true,"href":"https:\/\/www.autismus-niedersachsen.de\/index.php?rest_route=%2Fwp%2Fv2%2Fcomments&post=478"}],"version-history":[{"count":1,"href":"https:\/\/www.autismus-niedersachsen.de\/index.php?rest_route=\/wp\/v2\/pages\/478\/revisions"}],"predecessor-version":[{"id":1221,"href":"https:\/\/www.autismus-niedersachsen.de\/index.php?rest_route=\/wp\/v2\/pages\/478\/revisions\/1221"}],"up":[{"embeddable":true,"href":"https:\/\/www.autismus-niedersachsen.de\/index.php?rest_route=\/wp\/v2\/pages\/123"}],"wp:attachment":[{"href":"https:\/\/www.autismus-niedersachsen.de\/index.php?rest_route=%2Fwp%2Fv2%2Fmedia&parent=478"}],"curies":[{"name":"wp","href":"https:\/\/api.w.org\/{rel}","templated":true}]}}

<p><strong>Freizeitangebote für Menschen mit Autismus-Spektrum-Störungen</strong></p>
<p>Die hier aufgeführten Einrichtungen sind nach PLZ sortiert und stellen keine Empfehlungen der LAG Autismus Niedersachsen dar. Die Aufzählung erhebt nicht  den Anspruch auf Vollständigkeit.</p>
<p>&nbsp;</p>
<p><strong>26736 Krummhörn</strong></p>
<p><strong>Ortsgruppe Asperger in Ostfriesland</strong><br />
Kontakt: Frank Fahr<br />
Tel. 04923-218 01 44 und 0176-232 72 256<br />
aspi@ewe.net<br />
www.asperger-in-ostfriesland.de</p>
<p>Die Ortsgruppe Asperger in Ostfriesland bietet regelmäßig Ausflüge, Ferienfreizeiten und Wochenreisen für Menschen mit Autismus an.</p>
<p>&nbsp;</p>
<p><strong>30165 Hannover</strong></p>
<p>gGIS mbH<br />
Emil-Meyer-Straße 20<br />
30165 Hannover<br />
Tel.:  0511 35 88 1-0<br />
<a href="http://www.gis-service.de/">www.gis-service.de</a></p>
<p>Die gGIS mbH als ambulanter Dienstleister der Behindertenhilfe führt seit 1998 Ferienfreizeiten für junge Menschen mit Behinderungen durch und verfügt über langjährige Erfahrungswerte insbesondere mit jungen Menschen aus dem Autismusspektrum. Die gGIS mbH organisiert Ferienfreizeiten mit einer Dauer von vier Tagen bis hin zu drei Wochen um eine den individuellen Bedürfnissen entsprechende Wahlmöglichkeit zu gewährleisten.</p>

<p>Freizeitangebote für Menschen mit Autismus-Spektrum-Störungen Die hier aufgeführten Einrichtungen sind nach PLZ sortiert und stellen keine Empfehlungen der LAG Autismus Niedersachsen dar. Die Aufzählung erhebt nicht  den Anspruch auf Vollständigkeit. &nbsp; 26736 Krummhörn Ortsgruppe Asperger in Ostfriesland Kontakt: Frank Fahr Tel. 04923-218 01 44 und 0176-232 72 256 aspi@ewe.net www.asperger-in-ostfriesland.de</p>
