{"id":616,"date":"2015-10-14T18:46:54","date_gmt":"2015-10-14T16:46:54","guid":{"rendered":"http:\/\/www.autismus-niedersachsen.de\/?page_id=616"},"modified":"2015-10-14T18:48:00","modified_gmt":"2015-10-14T16:48:00","slug":"einfuehrung-der-inklusiven-schule","status":"publish","type":"page","link":"https:\/\/www.autismus-niedersachsen.de\/?page_id=616","title":{"rendered":"Einf\u00fchrung inklusive Schule"},"content":{"rendered":"<div id=\"articleContent\" class=\"mod_article block\">\n<div class=\"ce_text block\">\n<p>In Niedersachsen ist die inklusive Schule verbindlich zum Schuljahresbeginn 2013\/14 eingef\u00fchrt worden. Das hat der Nieders\u00e4chsische Landtag am 20. M\u00e4rz 2012 mit breiter Mehrheit beschlossen. Die inklusive Schule erm\u00f6glicht den Sch\u00fclerinnen und Sch\u00fclern einen barrierefreien und gleichberechtigten Zugang zu den nieders\u00e4chsischen Schulen.<\/p>\n<p>Eltern von Sch\u00fclerinnen und Sch\u00fclern mit Bedarf an sonderp\u00e4dagogischer Unterst\u00fctzung erhalten ein Wahlrecht, ob ihr Kind die allgemeine Schule oder eine F\u00f6rderschule besuchen soll. Sie werden durch die Schulen und die Nieders\u00e4chsische Landesschulbeh\u00f6rde umfassend beraten.<\/p>\n<p><b>Grundschulen<\/b> nehmen seit dem 1. August 2013 alle Sch\u00fclerinnen und Sch\u00fcler mit Bedarf an sonderp\u00e4dagogischer Unterst\u00fctzung im F\u00f6rderschwerpunkt Lernen im 1. Schuljahrgang auf. F\u00fcr alle F\u00f6rderschwerpunkte au\u00dfer Lernen, Sprache und emotionale und soziale Entwicklung k\u00f6nnen f\u00fcr einen \u00dcbergangszeitraum bis 2018 Schwerpunkt-Grundschulen eingerichtet werden.<\/p>\n<p><b>Weiterf\u00fchrende Schulen<\/b> nehmen seit dem 1. August 2013 aufsteigend mit dem 5. Jahrgang Sch\u00fclerinnen und Sch\u00fclern mit einem Bedarf an sonderp\u00e4dagogischer Unterst\u00fctzung in allen F\u00f6rderschwerpunkten im Sekundarbereich I entsprechend der Elternwahl auf. Die Einrichtung von Schwerpunktschulen ist f\u00fcr einen \u00dcbergangszeitraum bis 2018 m\u00f6glich. Danach ist jede Schule jeder Schulform eine inklusive Schule.<\/p>\n<p><b>F\u00f6rderschulen<\/b> bleiben mit folgenden Schwerpunkten bestehen:<\/p>\n<p>&#8211; Emotionale und Soziale Entwicklung<br \/>\n&#8211; Geistige Entwicklung<br \/>\n&#8211; H\u00f6ren<br \/>\n&#8211; K\u00f6rperliche und Motorische Entwicklung<br \/>\n&#8211; Lernen (nur Sekundarbereich I)<br \/>\n&#8211; Sehen<br \/>\n&#8211; Sprache<\/p>\n<p>Der Primarbereich der F\u00f6rderschule Lernen l\u00e4uft ab 1. August 2013 aufsteigend aus.<\/p>\n<p>Die F\u00f6rderschulen arbeiten zugleich als sonderp\u00e4dagogische F\u00f6rderzentren. Unter anderem planen, steuern und koordinieren sie den Einsatz der F\u00f6rderschullehrkr\u00e4fte in den allgemeinen Schulen.<\/p>\n<p>Zu den neuen gesetzlichen Regelungen sind folgende <b>Informationsmaterialien<\/b> abrufbar:<\/p>\n<p>Eine <a class=\"download\" href=\"http:\/\/www.mk.niedersachsen.de\/download\/82469\" target=\"_blank\">Lesefassung des ge\u00e4nderten Nieders\u00e4chsischen Schulgesetzes<\/a> ist online verf\u00fcgbar.<\/p>\n<p>Das Kultusministerium hat dar\u00fcber hinaus in elektronischer Form eine <a class=\"download\" href=\"http:\/\/www.mk.niedersachsen.de\/download\/66896\" target=\"_blank\">Handreichung f\u00fcr die kommunalen Schultr\u00e4ger<\/a> bereitgestellt.<\/p>\n<p><a class=\"download\" href=\"http:\/\/www.mk.niedersachsen.de\/download\/67750\" target=\"_blank\">Detaillierte Informationen f\u00fcr Eltern sowie Sch\u00fclerinnen und Sch\u00fcler<\/a>k\u00f6nnen \u00fcber die Brosch\u00fcrenstelle des Kultusministeriums (E-Mail: <a class=\"contact\" href=\"mailto:bibliothek@mk.niedersachsen.de\">bibliothek@mk.niedersachsen.de<\/a>) bestellt werden.<\/p>\n<p>F\u00fcr die Beantwortung <b>allgemeiner Fragen<\/b> zum Thema Inklusion stehen die <b>Inklusionsbeauftragten<\/b> in den Regionalabteilungen der <b>Nieders\u00e4chsischen Landesschulbeh\u00f6rde<\/b> zur Verf\u00fcgung:<\/p>\n<p><b>Regionalabteilung Braunschweig<\/b>Annegret Heumann, (0531) 484-3842<br \/>\nannegret.heumann@nlschb.niedersachsen.de<\/p>\n<p class=\"c1\"><strong>Regionalabteilung Hannover<\/strong><\/p>\n<p>Vera Kirchhoff-B\u00f6decker, (0511) 106-7046<br \/>\nvera.kirchhoff@nlschb.niedersachsen.de<\/p>\n<p><b>Regionalabteilung L\u00fcneburg<\/b>Brigitte Bergmann, (04261) 8406-26<br \/>\nbrigitte.bergmann@nlschb.niedersachsen.de<\/p>\n<p><b>Regionalabteilung Osnabr\u00fcck<\/b>Rita Feldkamp, (0541) 314-384<br \/>\nrita.feldkamp@nlschb.niedersachsen.de<\/p>\n<p><b>Schulrechtliche sowie schulorganisatorische Fragen von<\/b> <b>Schultr\u00e4gern<\/b> im Zusammenhang mit der Einf\u00fchrung der inklusiven Schule beantworten die <b>Fachbereiche Recht der Dezernate 1 der<\/b> <b>Nieders\u00e4chsischen Landesschulbeh\u00f6rde.<\/b><\/p>\n<p>Quelle: Nieders\u00e4chsisches Kultusministerium<\/p>\n<\/div>\n<\/div>\n","protected":false},"excerpt":{"rendered":"<p>In Niedersachsen ist die inklusive Schule verbindlich zum Schuljahresbeginn 2013\/14 eingef\u00fchrt worden. Das hat der Nieders\u00e4chsische Landtag am 20. M\u00e4rz 2012 mit breiter Mehrheit beschlossen. Die inklusive Schule erm\u00f6glicht den Sch\u00fclerinnen und Sch\u00fclern einen barrierefreien und gleichberechtigten Zugang zu den nieders\u00e4chsischen Schulen. Eltern von Sch\u00fclerinnen und Sch\u00fclern mit Bedarf an<\/p>\n","protected":false},"author":1,"featured_media":0,"parent":36,"menu_order":2,"comment_status":"open","ping_status":"closed","template":"","meta":{"footnotes":"","_links_to":"","_links_to_target":""},"class_list":["post-616","page","type-page","status-publish","hentry"],"_links":{"self":[{"href":"https:\/\/www.autismus-niedersachsen.de\/index.php?rest_route=\/wp\/v2\/pages\/616","targetHints":{"allow":["GET"]}}],"collection":[{"href":"https:\/\/www.autismus-niedersachsen.de\/index.php?rest_route=\/wp\/v2\/pages"}],"about":[{"href":"https:\/\/www.autismus-niedersachsen.de\/index.php?rest_route=\/wp\/v2\/types\/page"}],"author":[{"embeddable":true,"href":"https:\/\/www.autismus-niedersachsen.de\/index.php?rest_route=\/wp\/v2\/users\/1"}],"replies":[{"embeddable":true,"href":"https:\/\/www.autismus-niedersachsen.de\/index.php?rest_route=%2Fwp%2Fv2%2Fcomments&post=616"}],"version-history":[{"count":0,"href":"https:\/\/www.autismus-niedersachsen.de\/index.php?rest_route=\/wp\/v2\/pages\/616\/revisions"}],"up":[{"embeddable":true,"href":"https:\/\/www.autismus-niedersachsen.de\/index.php?rest_route=\/wp\/v2\/pages\/36"}],"wp:attachment":[{"href":"https:\/\/www.autismus-niedersachsen.de\/index.php?rest_route=%2Fwp%2Fv2%2Fmedia&parent=616"}],"curies":[{"name":"wp","href":"https:\/\/api.w.org\/{rel}","templated":true}]}}