{"id":835,"date":"2016-01-11T18:43:28","date_gmt":"2016-01-11T16:43:28","guid":{"rendered":"http:\/\/www.autismus-niedersachsen.de\/?page_id=835"},"modified":"2018-05-22T14:01:24","modified_gmt":"2018-05-22T12:01:24","slug":"835-2","status":"publish","type":"page","link":"https:\/\/www.autismus-niedersachsen.de\/?page_id=835","title":{"rendered":"Unser Newsletter"},"content":{"rendered":"<p>Falls Sie weitere Informationen zum Thema Autismus, \u00fcber das Netzwerk AUTISMUS Niedersachsen, die LAG Autismus Niedersachsen oder \u00fcber unsere Veranstaltungen w\u00fcnschen, k\u00f6nnen Sie sich gern in unsere Mailingliste news@autismus-niedersachen.de eintragen.<\/p>\n<p>Sollten unsere Informationen doch nicht Ihren Erwartungen entsprechen,<br \/>\nk\u00f6nnen Sie sich jederzeit wieder austragen.<\/p>\n<form action=\"http:\/\/kundenserver.de\/cgi-bin\/mailinglist.cgi\" method=\"POST\" target=\"_BLANK\"><input checked=\"checked\" name=\"subscribe_r\" type=\"RADIO\" value=\"subscribe\" \/>Ja, ich m\u00f6chte mich f\u00fcr die Mailingliste eintragen.<\/p>\n<p><input name=\"subscribe_r\" type=\"RADIO\" value=\"unsubscribe\" \/>Ich m\u00f6chte mich von der Mailingliste wieder austragen.<\/p>\n<p>Geben Sie Ihre E-Mail-Adresse ein:<\/p>\n<p><input maxlength=\"51\" name=\"mailaccount_r\" size=\"51\" type=\"TEXT\" \/><br \/>\nWiederholen Sie die eingegebene E-Mail-Adresse:<\/p>\n<p><input maxlength=\"51\" name=\"mailaccount2_r\" size=\"51\" type=\"TEXT\" \/><\/p>\n<p><input required=\"\" type=\"checkbox\" \/> Ich habe die <a href=\"https:\/\/www.autismus-niedersachsen.de\/?page_id=1170\">Datenschutzerkl\u00e4rung<\/a> zur Kenntnis genommen. Ich stimme zu, dass meine Angaben und Daten zur Beantwortung meiner Anfrage elektronisch erhoben und gespeichert werden. Hinweis: Sie k\u00f6nnen Ihre Einwilligung jederzeit f\u00fcr die Zukunft per E-Mail an LAG@Autismus-Niedersachsen.de widerrufen.<\/p>\n<p><input type=\"SUBMIT\" value=\"Abschicken\" \/><input type=\"RESET\" value=\"Zur\u00fccksetzen\" \/><\/p>\n<p><input name=\"FBMLNAME\" type=\"HIDDEN\" value=\"news@autismus-niedersachsen.de\" \/><input name=\"FBLANG\" type=\"HIDDEN\" value=\"de\" \/><input name=\"FBURLERROR_L\" type=\"HIDDEN\" value=\"http:\/\/kundenserver.de\/mailinglist\/error.de.html\" \/><input name=\"FBURLSUBSCRIBE_L\" type=\"HIDDEN\" value=\"http:\/\/kundenserver.de\/mailinglist\/subscribe.de.html\" \/><input name=\"FBURLUNSUBSCRIBE_L\" type=\"HIDDEN\" value=\"http:\/\/kundenserver.de\/mailinglist\/unsubscribe.de.html\" \/><input name=\"FBURLINVALID_L\" type=\"HIDDEN\" value=\"http:\/\/kundenserver.de\/mailinglist\/invalid.de.html\" \/><\/p>\n<\/form>\n","protected":false},"excerpt":{"rendered":"<p>Falls Sie weitere Informationen zum Thema Autismus, \u00fcber das Netzwerk AUTISMUS Niedersachsen, die LAG Autismus Niedersachsen oder \u00fcber unsere Veranstaltungen w\u00fcnschen, k\u00f6nnen Sie sich gern in unsere Mailingliste news@autismus-niedersachen.de eintragen. Sollten unsere Informationen doch nicht Ihren Erwartungen entsprechen, k\u00f6nnen Sie sich jederzeit wieder austragen. Ja, ich m\u00f6chte mich f\u00fcr die<\/p>\n","protected":false},"author":1,"featured_media":0,"parent":125,"menu_order":3,"comment_status":"closed","ping_status":"closed","template":"","meta":{"footnotes":"","_links_to":"","_links_to_target":""},"class_list":["post-835","page","type-page","status-publish","hentry"],"_links":{"self":[{"href":"https:\/\/www.autismus-niedersachsen.de\/index.php?rest_route=\/wp\/v2\/pages\/835","targetHints":{"allow":["GET"]}}],"collection":[{"href":"https:\/\/www.autismus-niedersachsen.de\/index.php?rest_route=\/wp\/v2\/pages"}],"about":[{"href":"https:\/\/www.autismus-niedersachsen.de\/index.php?rest_route=\/wp\/v2\/types\/page"}],"author":[{"embeddable":true,"href":"https:\/\/www.autismus-niedersachsen.de\/index.php?rest_route=\/wp\/v2\/users\/1"}],"replies":[{"embeddable":true,"href":"https:\/\/www.autismus-niedersachsen.de\/index.php?rest_route=%2Fwp%2Fv2%2Fcomments&post=835"}],"version-history":[{"count":3,"href":"https:\/\/www.autismus-niedersachsen.de\/index.php?rest_route=\/wp\/v2\/pages\/835\/revisions"}],"predecessor-version":[{"id":1179,"href":"https:\/\/www.autismus-niedersachsen.de\/index.php?rest_route=\/wp\/v2\/pages\/835\/revisions\/1179"}],"up":[{"embeddable":true,"href":"https:\/\/www.autismus-niedersachsen.de\/index.php?rest_route=\/wp\/v2\/pages\/125"}],"wp:attachment":[{"href":"https:\/\/www.autismus-niedersachsen.de\/index.php?rest_route=%2Fwp%2Fv2%2Fmedia&parent=835"}],"curies":[{"name":"wp","href":"https:\/\/api.w.org\/{rel}","templated":true}]}}

<p>Falls Sie weitere Informationen zum Thema Autismus, über das Netzwerk AUTISMUS Niedersachsen, die LAG Autismus Niedersachsen oder über unsere Veranstaltungen wünschen, können Sie sich gern in unsere Mailingliste news@autismus-niedersachen.de eintragen.</p>
<p>Sollten unsere Informationen doch nicht Ihren Erwartungen entsprechen,<br />
können Sie sich jederzeit wieder austragen.</p>
<form action="http://kundenserver.de/cgi-bin/mailinglist.cgi" method="POST" target="_BLANK"><input checked="checked" name="subscribe_r" type="RADIO" value="subscribe" />Ja, ich möchte mich für die Mailingliste eintragen.</p>
<p><input name="subscribe_r" type="RADIO" value="unsubscribe" />Ich möchte mich von der Mailingliste wieder austragen.</p>
<p>Geben Sie Ihre E-Mail-Adresse ein:</p>
<p><input maxlength="51" name="mailaccount_r" size="51" type="TEXT" /><br />
Wiederholen Sie die eingegebene E-Mail-Adresse:</p>
<p><input maxlength="51" name="mailaccount2_r" size="51" type="TEXT" /></p>
<p><input required="" type="checkbox" /> Ich habe die <a href="https://www.autismus-niedersachsen.de/?page_id=1170">Datenschutzerklärung</a> zur Kenntnis genommen. Ich stimme zu, dass meine Angaben und Daten zur Beantwortung meiner Anfrage elektronisch erhoben und gespeichert werden. Hinweis: Sie können Ihre Einwilligung jederzeit für die Zukunft per E-Mail an LAG@Autismus-Niedersachsen.de widerrufen.</p>
<p><input type="SUBMIT" value="Abschicken" /><input type="RESET" value="Zurücksetzen" /></p>
<p><input name="FBMLNAME" type="HIDDEN" value="news@autismus-niedersachsen.de" /><input name="FBLANG" type="HIDDEN" value="de" /><input name="FBURLERROR_L" type="HIDDEN" value="http://kundenserver.de/mailinglist/error.de.html" /><input name="FBURLSUBSCRIBE_L" type="HIDDEN" value="http://kundenserver.de/mailinglist/subscribe.de.html" /><input name="FBURLUNSUBSCRIBE_L" type="HIDDEN" value="http://kundenserver.de/mailinglist/unsubscribe.de.html" /><input name="FBURLINVALID_L" type="HIDDEN" value="http://kundenserver.de/mailinglist/invalid.de.html" /></p>
</form>

<p>Falls Sie weitere Informationen zum Thema Autismus, über das Netzwerk AUTISMUS Niedersachsen, die LAG Autismus Niedersachsen oder über unsere Veranstaltungen wünschen, können Sie sich gern in unsere Mailingliste news@autismus-niedersachen.de eintragen. Sollten unsere Informationen doch nicht Ihren Erwartungen entsprechen, können Sie sich jederzeit wieder austragen. Ja, ich möchte mich für die</p>
